CRAN Package Check Results for Package Umpire

Last updated on 2024-07-14 09:51:39 CEST.

Flavor Version Tinstall Tcheck Ttotal Status Flags
r-devel-linux-x86_64-debian-clang 2.0.10 10.09 137.21 147.30 OK
r-devel-linux-x86_64-debian-gcc 2.0.10 7.95 104.73 112.68 OK
r-devel-linux-x86_64-fedora-clang 2.0.10 191.69 OK
r-devel-linux-x86_64-fedora-gcc 2.0.10 190.69 OK
r-devel-windows-x86_64 2.0.10 10.00 134.00 144.00 NOTE
r-patched-linux-x86_64 2.0.10 9.47 136.00 145.47 OK
r-release-linux-x86_64 2.0.10 9.00 133.03 142.03 OK
r-release-macos-arm64 2.0.10 60.00 OK
r-release-macos-x86_64 2.0.10 90.00 OK
r-release-windows-x86_64 2.0.10 9.00 130.00 139.00 OK
r-oldrel-macos-arm64 2.0.10 45.00 OK
r-oldrel-macos-x86_64 2.0.10 68.00 OK
r-oldrel-windows-x86_64 2.0.10 12.00 158.00 170.00 OK

Check Details

Version: 2.0.10
Check: Rd cross-references
Result: NOTE Found the following Rd file(s) with Rd \link{} targets missing package anchors: e31-setDataTypes.Rd: daisy Please provide package anchors for all Rd \link{} targets not in the package itself and the base packages. Flavor: r-devel-windows-x86_64