CRAN Package Check Results for Package USgrid

Last updated on 2021-09-16 08:50:51 CEST.

Flavor Version Tinstall Tcheck Ttotal Status Flags
r-devel-linux-x86_64-debian-clang 0.1.2 3.80 32.59 36.39 OK
r-devel-linux-x86_64-debian-gcc 0.1.2 3.28 25.38 28.66 OK
r-devel-linux-x86_64-fedora-clang 0.1.2 54.28 NOTE
r-devel-linux-x86_64-fedora-gcc 0.1.2 42.71 NOTE
r-devel-windows-x86_64 0.1.2 7.00 53.00 60.00 OK
r-devel-windows-x86_64-gcc10-UCRT 0.1.2 NOTE
r-patched-linux-x86_64 0.1.2 4.27 30.21 34.48 OK
r-patched-solaris-x86 0.1.2 66.20 NOTE
r-release-linux-x86_64 0.1.2 4.27 30.20 34.47 OK
r-release-macos-arm64 0.1.2 NOTE
r-release-macos-x86_64 0.1.2 NOTE
r-release-windows-ix86+x86_64 0.1.2 9.00 56.00 65.00 OK
r-oldrel-macos-x86_64 0.1.2 NOTE
r-oldrel-windows-ix86+x86_64 0.1.2 7.00 54.00 61.00 OK

Check Details

Version: 0.1.2
Check: dependencies in R code
Result: NOTE
    Namespace in Imports field not imported from: ‘tsibble’
     All declared Imports should be used.
Flavors: r-devel-linux-x86_64-fedora-clang, r-devel-linux-x86_64-fedora-gcc, r-devel-windows-x86_64-gcc10-UCRT, r-patched-solaris-x86, r-release-macos-arm64, r-release-macos-x86_64, r-oldrel-macos-x86_64