CRAN Package Check Results for Package USA.state.boundaries

Last updated on 2024-04-16 21:50:46 CEST.

Flavor Version Tinstall Tcheck Ttotal Status Flags
r-devel-linux-x86_64-debian-clang 1.0.1 9.85 22.87 32.72 NOTE
r-devel-linux-x86_64-debian-gcc 1.0.1 8.66 18.39 27.05 NOTE
r-devel-linux-x86_64-fedora-clang 1.0.1 44.52 NOTE
r-devel-linux-x86_64-fedora-gcc 1.0.1 41.83 NOTE
r-prerel-macos-arm64 1.0.1 21.00 NOTE
r-prerel-windows-x86_64 1.0.1 9.00 40.00 49.00 NOTE
r-patched-linux-x86_64 1.0.1 9.08 22.84 31.92 NOTE
r-release-linux-x86_64 1.0.1 8.77 22.07 30.84 NOTE
r-release-macos-arm64 1.0.1 23.00 NOTE
r-release-macos-x86_64 1.0.1 30.00 NOTE
r-release-windows-x86_64 1.0.1 10.00 68.00 78.00 NOTE
r-oldrel-macos-arm64 1.0.1 23.00 NOTE
r-oldrel-windows-x86_64 1.0.1 12.00 63.00 75.00 NOTE

Check Details

Version: 1.0.1
Check: package dependencies
Result: NOTE Package suggested but not available for checking: ‘USA.state.boundaries.data’ Flavors: r-devel-linux-x86_64-debian-clang, r-devel-linux-x86_64-debian-gcc, r-devel-linux-x86_64-fedora-clang, r-devel-linux-x86_64-fedora-gcc, r-prerel-macos-arm64, r-prerel-windows-x86_64, r-patched-linux-x86_64, r-release-linux-x86_64, r-release-macos-arm64, r-release-macos-x86_64, r-release-windows-x86_64, r-oldrel-macos-arm64, r-oldrel-windows-x86_64

Version: 1.0.1
Check: installed package size
Result: NOTE installed size is 6.2Mb sub-directories of 1Mb or more: data 6.1Mb Flavors: r-devel-linux-x86_64-fedora-clang, r-prerel-macos-arm64, r-prerel-windows-x86_64, r-release-macos-arm64, r-release-macos-x86_64, r-release-windows-x86_64, r-oldrel-macos-arm64, r-oldrel-windows-x86_64