Last updated on 2022-05-17 21:51:01 CEST.
Flavor | Version | Tinstall | Tcheck | Ttotal | Status | Flags |
---|---|---|---|---|---|---|
r-devel-linux-x86_64-debian-clang | 0.2.2 | 99.31 | 85.55 | 184.86 | OK | |
r-devel-linux-x86_64-debian-gcc | 0.2.2 | 82.77 | 64.30 | 147.07 | OK | |
r-devel-linux-x86_64-fedora-clang | 0.2.2 | 267.40 | NOTE | |||
r-devel-linux-x86_64-fedora-gcc | 0.2.2 | 242.75 | NOTE | |||
r-devel-windows-x86_64 | 0.2.2 | 98.00 | 144.00 | 242.00 | OK | |
r-patched-linux-x86_64 | 0.2.2 | 85.64 | 80.67 | 166.31 | OK | |
r-release-linux-x86_64 | 0.2.2 | 92.76 | 81.14 | 173.90 | OK | |
r-release-macos-arm64 | 0.2.2 | 64.00 | NOTE | |||
r-release-macos-x86_64 | 0.2.2 | 120.00 | NOTE | |||
r-release-windows-x86_64 | 0.2.2 | 81.00 | 141.00 | 222.00 | OK | |
r-oldrel-macos-arm64 | 0.2.2 | 76.00 | NOTE | |||
r-oldrel-macos-x86_64 | 0.2.2 | 95.00 | NOTE | |||
r-oldrel-windows-ix86+x86_64 | 0.2.2 | 239.00 | 148.00 | 387.00 | OK |
Version: 0.2.2
Check: dependencies in R code
Result: NOTE
Namespace in Imports field not imported from: ‘RcppProgress’
All declared Imports should be used.
Flavors: r-devel-linux-x86_64-fedora-clang, r-devel-linux-x86_64-fedora-gcc, r-release-macos-arm64, r-release-macos-x86_64, r-oldrel-macos-arm64, r-oldrel-macos-x86_64
Version: 0.2.2
Check: installed package size
Result: NOTE
installed size is 6.0Mb
sub-directories of 1Mb or more:
libs 5.3Mb
Flavors: r-release-macos-arm64, r-release-macos-x86_64, r-oldrel-macos-arm64, r-oldrel-macos-x86_64