Last updated on 2023-02-03 19:52:23 CET.
Flavor | Version | Tinstall | Tcheck | Ttotal | Status | Flags |
---|---|---|---|---|---|---|
r-devel-linux-x86_64-debian-clang | 1.3-4 | 13.44 | 114.85 | 128.29 | OK | |
r-devel-linux-x86_64-debian-gcc | 1.3-4 | 10.01 | 83.68 | 93.69 | OK | |
r-devel-linux-x86_64-fedora-clang | 1.3-4 | 163.36 | NOTE | |||
r-devel-linux-x86_64-fedora-gcc | 1.3-4 | 155.32 | OK | |||
r-patched-linux-x86_64 | 1.3-4 | 21.41 | 105.87 | 127.28 | OK | |
r-release-linux-x86_64 | 1.3-4 | 9.98 | 109.79 | 119.77 | OK | |
r-release-macos-arm64 | 1.3-4 | 46.00 | OK | |||
r-release-macos-x86_64 | 1.3-4 | 73.00 | OK | |||
r-release-windows-x86_64 | 1.3-4 | 25.00 | 160.00 | 185.00 | OK | |
r-oldrel-macos-arm64 | 1.3-4 | 41.00 | OK | |||
r-oldrel-macos-x86_64 | 1.3-4 | 62.00 | OK | |||
r-oldrel-windows-ix86+x86_64 | 1.3-4 | 29.00 | 133.00 | 162.00 | OK |
Version: 1.3-4
Check: Rd cross-references
Result: NOTE
Undeclared packages ‘multcomp’, ‘agricolae’ in Rd xrefs
Flavor: r-devel-linux-x86_64-fedora-clang