CRAN Package Check Results for Package TrtCombo.FactorialExp.SR

Last updated on 2021-09-21 08:50:18 CEST.

Flavor Version Tinstall Tcheck Ttotal Status Flags
r-devel-linux-x86_64-debian-clang 4.0.4 1.46 19.48 20.94 OK
r-devel-linux-x86_64-debian-gcc 4.0.4 1.39 15.76 17.15 OK
r-devel-linux-x86_64-fedora-clang 4.0.4 35.75 OK
r-devel-linux-x86_64-fedora-gcc 4.0.4 24.45 OK
r-devel-windows-x86_64 4.0.4 4.00 22.00 26.00 OK
r-devel-windows-x86_64-gcc10-UCRT 4.0.4 ERROR
r-patched-linux-x86_64 4.0.4 1.56 19.09 20.65 OK
r-patched-solaris-x86 4.0.4 39.60 OK
r-release-linux-x86_64 4.0.4 1.52 18.86 20.38 OK
r-release-macos-arm64 4.0.4 OK
r-release-macos-x86_64 4.0.4 OK
r-release-windows-ix86+x86_64 4.0.4 4.00 31.00 35.00 OK
r-oldrel-macos-x86_64 4.0.4 OK
r-oldrel-windows-ix86+x86_64 4.0.4 5.00 22.00 27.00 OK

Check Details

Version: 4.0.4
Check: whether package can be installed
Result: WARN
    Found the following significant warnings:
     WARNING: installation-time patches will not be applied, could not get the patches index
Flavor: r-devel-windows-x86_64-gcc10-UCRT

Version: 4.0.4
Check: PDF version of manual
Result: WARN
    LaTeX errors when creating PDF version.
    This typically indicates Rd problems.
Flavor: r-devel-windows-x86_64-gcc10-UCRT

Version: 4.0.4
Check: PDF version of manual without hyperrefs or index
Result: ERROR
    Re-running with no redirection of stdout/stderr.
Flavor: r-devel-windows-x86_64-gcc10-UCRT