CRAN Package Check Results for Package TooManyCellsR

Last updated on 2024-02-20 19:51:19 CET.

Flavor Version Tinstall Tcheck Ttotal Status Flags
r-devel-linux-x86_64-debian-clang 0.1.1.0 NOTE
r-devel-linux-x86_64-debian-gcc 0.1.1.0 1.71 19.66 21.37 NOTE
r-devel-linux-x86_64-fedora-clang 0.1.1.0 33.32 NOTE
r-devel-linux-x86_64-fedora-gcc 0.1.1.0 32.27 NOTE
r-devel-windows-x86_64 0.1.1.0 3.00 44.00 47.00 NOTE
r-patched-linux-x86_64 0.1.1.0 2.18 25.11 27.29 NOTE
r-release-linux-x86_64 0.1.1.0 1.50 24.71 26.21 NOTE
r-release-macos-arm64 0.1.1.0 17.00 NOTE
r-release-macos-x86_64 0.1.1.0 21.00 NOTE
r-release-windows-x86_64 0.1.1.0 4.00 41.00 45.00 NOTE
r-oldrel-macos-arm64 0.1.1.0 15.00 NOTE
r-oldrel-windows-x86_64 0.1.1.0 4.00 49.00 53.00 NOTE

Check Details

Version: 0.1.1.0
Check: LazyData
Result: NOTE 'LazyData' is specified without a 'data' directory Flavors: r-devel-linux-x86_64-debian-clang, r-devel-linux-x86_64-debian-gcc, r-devel-linux-x86_64-fedora-clang, r-devel-linux-x86_64-fedora-gcc, r-devel-windows-x86_64, r-patched-linux-x86_64, r-release-linux-x86_64, r-release-macos-arm64, r-release-macos-x86_64, r-release-windows-x86_64, r-oldrel-macos-arm64, r-oldrel-windows-x86_64

Version: 0.1.1.0
Check: dependencies in R code
Result: NOTE Namespaces in Imports field not imported from: ‘cowplot’ ‘ggplot2’ ‘jsonlite’ All declared Imports should be used. Flavors: r-devel-linux-x86_64-fedora-clang, r-devel-linux-x86_64-fedora-gcc, r-oldrel-macos-arm64