CRAN Package Check Results for Package Tlasso

Last updated on 2020-07-14 09:50:55 CEST.

Flavor Version Tinstall Tcheck Ttotal Status Flags
r-devel-linux-x86_64-debian-clang 1.0.1 9.14 95.19 104.33 OK
r-devel-linux-x86_64-debian-gcc 1.0.1 6.99 77.18 84.17 OK
r-devel-linux-x86_64-fedora-clang 1.0.1 139.42 OK
r-devel-linux-x86_64-fedora-gcc 1.0.1 142.95 OK
r-devel-windows-ix86+x86_64 1.0.1 22.00 132.00 154.00 OK
r-patched-linux-x86_64 1.0.1 8.33 94.63 102.96 OK
r-patched-solaris-x86 1.0.1 201.00 OK
r-release-linux-x86_64 1.0.1 8.04 95.33 103.37 OK
r-release-macos-x86_64 1.0.1 ERROR
r-release-windows-ix86+x86_64 1.0.1 24.00 135.00 159.00 OK
r-oldrel-macos-x86_64 1.0.1 OK
r-oldrel-windows-ix86+x86_64 1.0.1 18.00 136.00 154.00 OK

Check Details

Version: 1.0.1
Check: whether package can be installed
Result: ERROR
    Installation failed.
Flavor: r-release-macos-x86_64