CRAN Package Check Results for Package Tides

Last updated on 2024-02-26 19:50:24 CET.

Flavor Version Tinstall Tcheck Ttotal Status Flags
r-devel-linux-x86_64-debian-clang 2.1 2.75 35.25 38.00 NOTE
r-devel-linux-x86_64-debian-gcc 2.1 2.23 27.27 29.50 NOTE
r-devel-linux-x86_64-fedora-clang 2.1 47.10 NOTE
r-devel-linux-x86_64-fedora-gcc 2.1 61.71 NOTE
r-devel-windows-x86_64 2.1 3.00 72.00 75.00 OK
r-patched-linux-x86_64 2.1 2.17 33.86 36.03 OK
r-release-linux-x86_64 2.1 2.47 35.18 37.65 OK
r-release-macos-arm64 2.1 27.00 OK
r-release-macos-x86_64 2.1 40.00 OK
r-release-windows-x86_64 2.1 5.00 67.00 72.00 OK
r-oldrel-macos-arm64 2.1 22.00 OK
r-oldrel-windows-x86_64 2.1 7.00 78.00 85.00 OK

Check Details

Version: 2.1
Check: Rd files
Result: NOTE checkRd: (-1) IT.Rd:23: Lost braces in \itemize; \value handles \item{}{} directly checkRd: (-1) IT.Rd:24: Lost braces in \itemize; \value handles \item{}{} directly checkRd: (-1) TidalCharacteristics.Rd:33: Lost braces in \itemize; \value handles \item{}{} directly checkRd: (-1) TidalCharacteristics.Rd:34: Lost braces in \itemize; \value handles \item{}{} directly checkRd: (-1) TidalCharacteristics.Rd:35: Lost braces in \itemize; \value handles \item{}{} directly checkRd: (-1) TidalCharacteristics.Rd:36: Lost braces in \itemize; \value handles \item{}{} directly checkRd: (-1) TidalCharacteristics.Rd:37: Lost braces in \itemize; \value handles \item{}{} directly checkRd: (-1) TidalCharacteristics.Rd:38: Lost braces in \itemize; \value handles \item{}{} directly checkRd: (-1) TidalCharacteristics.Rd:39: Lost braces in \itemize; \value handles \item{}{} directly checkRd: (-1) TidalCharacteristics.Rd:40: Lost braces in \itemize; \value handles \item{}{} directly checkRd: (-1) summary.Tides.Rd:17: Lost braces in \itemize; \value handles \item{}{} directly checkRd: (-1) summary.Tides.Rd:18: Lost braces in \itemize; \value handles \item{}{} directly checkRd: (-1) summary.Tides.Rd:19: Lost braces in \itemize; \value handles \item{}{} directly checkRd: (-1) summary.Tides.Rd:20: Lost braces in \itemize; \value handles \item{}{} directly checkRd: (-1) summary.Tides.Rd:22: Lost braces in \itemize; \value handles \item{}{} directly checkRd: (-1) summary.Tides.Rd:23: Lost braces in \itemize; \value handles \item{}{} directly checkRd: (-1) summary.Tides.Rd:24: Lost braces in \itemize; \value handles \item{}{} directly checkRd: (-1) summary.Tides.Rd:25: Lost braces in \itemize; \value handles \item{}{} directly checkRd: (-1) summary.Tides.Rd:26: Lost braces in \itemize; \value handles \item{}{} directly checkRd: (-1) summary.Tides.Rd:27: Lost braces in \itemize; \value handles \item{}{} directly checkRd: (-1) summary.Tides.Rd:28: Lost braces in \itemize; \value handles \item{}{} directly checkRd: (-1) summary.Tides.Rd:30: Lost braces in \itemize; \value handles \item{}{} directly checkRd: (-1) summary.Tides.Rd:31: Lost braces in \itemize; \value handles \item{}{} directly checkRd: (-1) summary.Tides.Rd:32: Lost braces in \itemize; \value handles \item{}{} directly checkRd: (-1) summary.Tides.Rd:34: Lost braces in \itemize; \value handles \item{}{} directly checkRd: (-1) summary.Tides.Rd:35: Lost braces in \itemize; \value handles \item{}{} directly checkRd: (-1) summary.Tides.Rd:37: Lost braces in \itemize; \value handles \item{}{} directly checkRd: (-1) summary.Tides.Rd:38: Lost braces in \itemize; \value handles \item{}{} directly checkRd: (-1) summary.Tides.Rd:39: Lost braces in \itemize; \value handles \item{}{} directly checkRd: (-1) summary.Tides.Rd:40: Lost braces in \itemize; \value handles \item{}{} directly checkRd: (-1) summary.Tides.Rd:42: Lost braces in \itemize; \value handles \item{}{} directly checkRd: (-1) summary.Tides.Rd:43: Lost braces in \itemize; \value handles \item{}{} directly checkRd: (-1) summary.Tides.Rd:44: Lost braces in \itemize; \value handles \item{}{} directly checkRd: (-1) summary.Tides.Rd:45: Lost braces in \itemize; \value handles \item{}{} directly Flavors: r-devel-linux-x86_64-debian-clang, r-devel-linux-x86_64-debian-gcc, r-devel-linux-x86_64-fedora-clang, r-devel-linux-x86_64-fedora-gcc