CRAN Package Check Results for Package ThermalSampleR

Last updated on 2024-02-29 07:52:52 CET.

Flavor Version Tinstall Tcheck Ttotal Status Flags
r-devel-linux-x86_64-debian-clang 0.1.2 6.62 125.19 131.81 OK
r-devel-linux-x86_64-debian-gcc 0.1.2 5.01 96.55 101.56 OK
r-devel-linux-x86_64-fedora-clang 0.1.2 159.13 NOTE
r-devel-linux-x86_64-fedora-gcc 0.1.2 177.16 NOTE
r-devel-windows-x86_64 0.1.2 7.00 118.00 125.00 OK
r-patched-linux-x86_64 0.1.2 4.51 119.66 124.17 OK
r-release-linux-x86_64 0.1.2 4.42 122.13 126.55 OK
r-release-macos-arm64 0.1.2 53.00 OK
r-release-macos-x86_64 0.1.2 112.00 OK
r-release-windows-x86_64 0.1.2 9.00 206.00 215.00 OK
r-oldrel-macos-arm64 0.1.2 51.00 OK
r-oldrel-windows-x86_64 0.1.2 10.00 205.00 215.00 OK

Check Details

Version: 0.1.2
Check: dependencies in R code
Result: NOTE Namespaces in Imports field not imported from: ‘MASS’ ‘base’ ‘graphics’ ‘janitor’ ‘rlang’ ‘testthat’ ‘utils’ All declared Imports should be used. Flavors: r-devel-linux-x86_64-fedora-clang, r-devel-linux-x86_64-fedora-gcc