CRAN Package Check Results for Package TextForecast

Last updated on 2021-11-29 07:51:25 CET.

Flavor Version Tinstall Tcheck Ttotal Status Flags
r-devel-linux-x86_64-debian-clang 0.1.2 OK
r-devel-linux-x86_64-debian-gcc 0.1.2 10.40 88.84 99.24 OK
r-devel-linux-x86_64-fedora-clang 0.1.2 175.34 NOTE
r-devel-linux-x86_64-fedora-gcc 0.1.2 149.68 NOTE
r-devel-windows-x86_64-new-UL 0.1.2 24.00 160.00 184.00 OK
r-devel-windows-x86_64-new-TK 0.1.2 NOTE
r-devel-windows-x86_64-old 0.1.2 16.00 143.00 159.00 OK
r-patched-linux-x86_64 0.1.2 11.50 107.72 119.22 OK
r-patched-solaris-x86 0.1.2 261.70 NOTE
r-release-linux-x86_64 0.1.2 10.49 109.24 119.73 OK
r-release-macos-arm64 0.1.2 NOTE
r-release-macos-x86_64 0.1.2 NOTE
r-release-windows-ix86+x86_64 0.1.2 31.00 140.00 171.00 OK
r-oldrel-macos-x86_64 0.1.2 NOTE
r-oldrel-windows-ix86+x86_64 0.1.2 38.00 143.00 181.00 OK

Additional issues

donttest

Check Details

Version: 0.1.2
Check: dependencies in R code
Result: NOTE
    Namespaces in Imports field not imported from:
     ‘doParallel’ ‘parallel’ ‘tidyr’
     All declared Imports should be used.
Flavors: r-devel-linux-x86_64-fedora-clang, r-devel-linux-x86_64-fedora-gcc, r-devel-windows-x86_64-new-TK, r-patched-solaris-x86, r-release-macos-arm64, r-release-macos-x86_64, r-oldrel-macos-x86_64

Version: 0.1.2
Check: data for non-ASCII characters
Result: NOTE
     Note: found 40 marked UTF-8 strings
Flavors: r-devel-linux-x86_64-fedora-clang, r-devel-linux-x86_64-fedora-gcc, r-devel-windows-x86_64-new-TK, r-patched-solaris-x86, r-release-macos-arm64, r-release-macos-x86_64, r-oldrel-macos-x86_64