CRAN Package Check Results for Package TcGSA

Last updated on 2020-01-23 09:52:24 CET.

Flavor Version Tinstall Tcheck Ttotal Status Flags
r-devel-linux-x86_64-debian-clang 0.12.4 13.88 116.13 130.01 OK
r-devel-linux-x86_64-debian-gcc 0.12.4 12.68 89.19 101.87 OK
r-devel-linux-x86_64-fedora-clang 0.12.4 157.21 WARN
r-devel-linux-x86_64-fedora-gcc 0.12.4 155.17 OK
r-devel-windows-ix86+x86_64 0.12.4 47.00 177.00 224.00 OK
r-devel-windows-ix86+x86_64-gcc8 0.12.4 53.00 173.00 226.00 OK
r-patched-linux-x86_64 0.12.4 13.71 102.95 116.66 OK
r-patched-solaris-x86 0.12.4 227.10 OK
r-release-linux-x86_64 0.12.4 12.83 101.82 114.65 OK
r-release-windows-ix86+x86_64 0.12.4 27.00 118.00 145.00 OK
r-release-osx-x86_64 0.12.4 OK
r-oldrel-windows-ix86+x86_64 0.12.4 17.00 116.00 133.00 OK
r-oldrel-osx-x86_64 0.12.4 OK

Check Details

Version: 0.12.4
Check: package dependencies
Result: WARN
    Requires orphaned package: ‘gplots’
Flavor: r-devel-linux-x86_64-fedora-clang