CRAN Package Check Results for Package TcGSA

Last updated on 2021-12-03 19:50:30 CET.

Flavor Version Tinstall Tcheck Ttotal Status Flags
r-devel-linux-x86_64-debian-clang 0.12.7 15.75 135.67 151.42 NOTE
r-devel-linux-x86_64-debian-gcc 0.12.7 14.17 102.35 116.52 NOTE
r-devel-linux-x86_64-fedora-clang 0.12.7 206.40 NOTE
r-devel-linux-x86_64-fedora-gcc 0.12.7 178.84 NOTE
r-devel-windows-x86_64-new-UL 0.12.7 28.00 175.00 203.00 NOTE
r-devel-windows-x86_64-new-TK 0.12.7 NOTE
r-devel-windows-x86_64-old 0.12.7 25.00 120.00 145.00 OK
r-patched-linux-x86_64 0.12.7 21.49 128.51 150.00 NOTE
r-release-linux-x86_64 0.12.7 16.79 128.75 145.54 NOTE
r-release-macos-arm64 0.12.7 NOTE
r-release-macos-x86_64 0.12.7 OK
r-release-windows-ix86+x86_64 0.12.7 37.00 159.00 196.00 OK
r-oldrel-macos-x86_64 0.12.7 OK
r-oldrel-windows-ix86+x86_64 0.12.7 38.00 168.00 206.00 OK

Check Details

Version: 0.12.7
Check: package dependencies
Result: NOTE
    Package suggested but not available for checking: 'tcgsaseq'
Flavors: r-devel-linux-x86_64-debian-clang, r-devel-linux-x86_64-debian-gcc, r-devel-linux-x86_64-fedora-clang, r-devel-linux-x86_64-fedora-gcc, r-devel-windows-x86_64-new-UL, r-devel-windows-x86_64-new-TK, r-patched-linux-x86_64, r-release-linux-x86_64

Version: 0.12.7
Check: Rd cross-references
Result: NOTE
    Unknown package 'tcgsaseq' in Rd xrefs
Flavors: r-devel-linux-x86_64-debian-clang, r-devel-linux-x86_64-debian-gcc, r-devel-linux-x86_64-fedora-clang, r-devel-linux-x86_64-fedora-gcc, r-devel-windows-x86_64-new-UL, r-devel-windows-x86_64-new-TK, r-patched-linux-x86_64, r-release-linux-x86_64

Version: 0.12.7
Check: package dependencies
Result: NOTE
    Package suggested but not available for checking: ‘GEOquery’
Flavor: r-release-macos-arm64