CRAN Package Check Results for Package TcGSA

Last updated on 2019-09-15 09:49:21 CEST.

Flavor Version Tinstall Tcheck Ttotal Status Flags
r-devel-linux-x86_64-debian-clang 0.12.4 13.28 105.18 118.46 OK
r-devel-linux-x86_64-debian-gcc 0.12.4 12.43 81.21 93.64 OK
r-devel-linux-x86_64-fedora-clang 0.12.4 143.36 OK
r-devel-linux-x86_64-fedora-gcc 0.12.4 141.88 OK
r-devel-windows-ix86+x86_64 0.12.4 41.00 167.00 208.00 OK
r-patched-linux-x86_64 0.12.4 13.03 102.22 115.25 OK
r-patched-solaris-x86 0.12.4 201.90 OK
r-release-linux-x86_64 0.12.4 11.85 101.19 113.04 OK
r-release-windows-ix86+x86_64 0.12.4 31.00 118.00 149.00 OK
r-release-osx-x86_64 0.12.4 ERROR
r-oldrel-windows-ix86+x86_64 0.12.4 28.00 111.00 139.00 OK
r-oldrel-osx-x86_64 0.12.4 OK

Check Details

Version: 0.12.4
Check: package dependencies
Result: ERROR
    Package required but not available: ‘multtest’
    
    Package suggested but not available for checking: ‘GEOquery’
    
    See section ‘The DESCRIPTION file’ in the ‘Writing R Extensions’
    manual.
Flavor: r-release-osx-x86_64