CRAN Package Check Results for Package TULIP

Last updated on 2024-03-04 07:48:44 CET.

Flavor Version Tinstall Tcheck Ttotal Status Flags
r-devel-linux-x86_64-debian-clang 1.0.2 17.53 103.06 120.59 OK
r-devel-linux-x86_64-debian-gcc 1.0.2 12.21 73.35 85.56 OK
r-devel-linux-x86_64-fedora-clang 1.0.2 143.01 NOTE
r-devel-linux-x86_64-fedora-gcc 1.0.2 136.47 OK
r-devel-windows-x86_64 1.0.2 16.00 206.00 222.00 OK
r-patched-linux-x86_64 1.0.2 15.81 93.37 109.18 OK
r-release-linux-x86_64 1.0.2 13.99 95.00 108.99 OK
r-release-macos-arm64 1.0.2 43.00 OK
r-release-macos-x86_64 1.0.2 72.00 OK
r-release-windows-x86_64 1.0.2 19.00 114.00 133.00 OK
r-oldrel-macos-arm64 1.0.2 39.00 OK
r-oldrel-windows-x86_64 1.0.2 18.00 254.00 272.00 OK

Check Details

Version: 1.0.2
Check: installed package size
Result: NOTE installed size is 8.0Mb sub-directories of 1Mb or more: libs 7.5Mb Flavor: r-devel-linux-x86_64-fedora-clang