CRAN Package Check Results for Package TSdeeplearning

Last updated on 2024-05-20 21:54:35 CEST.

Flavor Version Tinstall Tcheck Ttotal Status Flags
r-devel-linux-x86_64-debian-clang 0.1.0 17.08 127.04 144.12 OK
r-devel-linux-x86_64-debian-gcc 0.1.0 11.59 91.75 103.34 OK
r-devel-linux-x86_64-fedora-clang 0.1.0 175.81 NOTE
r-devel-linux-x86_64-fedora-gcc 0.1.0 160.83 NOTE
r-devel-windows-x86_64 0.1.0 13.00 97.00 110.00 OK
r-patched-linux-x86_64 0.1.0 11.38 118.17 129.55 OK
r-release-linux-x86_64 0.1.0 10.74 120.48 131.22 OK
r-release-macos-arm64 0.1.0 48.00 OK
r-release-macos-x86_64 0.1.0 88.00 OK
r-release-windows-x86_64 0.1.0 15.00 100.00 115.00 OK
r-oldrel-macos-arm64 0.1.0 54.00 OK
r-oldrel-macos-x86_64 0.1.0 64.00 OK
r-oldrel-windows-x86_64 0.1.0 19.00 124.00 143.00 OK

Additional issues

donttest

Check Details

Version: 0.1.0
Check: dependencies in R code
Result: NOTE Namespaces in Imports field not imported from: ‘reticulate’ ‘tensorflow’ All declared Imports should be used. Flavors: r-devel-linux-x86_64-fedora-clang, r-devel-linux-x86_64-fedora-gcc