Last updated on 2023-06-05 21:59:22 CEST.
Flavor | Version | Tinstall | Tcheck | Ttotal | Status | Flags |
---|---|---|---|---|---|---|
r-devel-linux-x86_64-debian-clang | 0.1.0 | 14.29 | 126.57 | 140.86 | OK | |
r-devel-linux-x86_64-debian-gcc | 0.1.0 | 11.26 | 96.91 | 108.17 | OK | |
r-devel-linux-x86_64-fedora-clang | 0.1.0 | 178.05 | NOTE | |||
r-devel-linux-x86_64-fedora-gcc | 0.1.0 | 168.77 | NOTE | |||
r-devel-windows-x86_64 | 0.1.0 | 14.00 | 103.00 | 117.00 | OK | |
r-patched-linux-x86_64 | 0.1.0 | 14.42 | 118.47 | 132.89 | OK | |
r-release-linux-x86_64 | 0.1.0 | 15.24 | 120.85 | 136.09 | OK | |
r-release-macos-arm64 | 0.1.0 | 54.00 | OK | |||
r-release-macos-x86_64 | 0.1.0 | 64.00 | OK | |||
r-release-windows-x86_64 | 0.1.0 | 19.00 | 126.00 | 145.00 | OK | |
r-oldrel-macos-arm64 | 0.1.0 | 49.00 | NOTE | |||
r-oldrel-macos-x86_64 | 0.1.0 | 71.00 | NOTE | |||
r-oldrel-windows-x86_64 | 0.1.0 | 19.00 | 306.00 | 325.00 | OK |
Version: 0.1.0
Check: dependencies in R code
Result: NOTE
Namespaces in Imports field not imported from:
‘reticulate’ ‘tensorflow’
All declared Imports should be used.
Flavors: r-devel-linux-x86_64-fedora-clang, r-devel-linux-x86_64-fedora-gcc, r-oldrel-macos-arm64, r-oldrel-macos-x86_64