CRAN Package Check Results for Package TSMSN

Last updated on 2023-12-03 19:48:51 CET.

Flavor Version Tinstall Tcheck Ttotal Status Flags
r-devel-linux-x86_64-debian-clang 0.0.1 3.67 28.43 32.10 NOTE
r-devel-linux-x86_64-debian-gcc 0.0.1 2.88 22.35 25.23 NOTE
r-devel-linux-x86_64-fedora-clang 0.0.1 39.80 NOTE
r-devel-linux-x86_64-fedora-gcc 0.0.1 37.79 NOTE
r-devel-windows-x86_64 0.0.1 4.00 126.00 130.00 NOTE
r-patched-linux-x86_64 0.0.1 3.32 28.03 31.35 NOTE
r-release-linux-x86_64 0.0.1 3.67 27.93 31.60 NOTE
r-release-macos-arm64 0.0.1 20.00 NOTE
r-release-macos-x86_64 0.0.1 24.00 NOTE
r-release-windows-x86_64 0.0.1 6.00 45.00 51.00 NOTE
r-oldrel-macos-arm64 0.0.1 16.00 NOTE
r-oldrel-macos-x86_64 0.0.1 25.00 NOTE
r-oldrel-windows-x86_64 0.0.1 4.00 52.00 56.00 NOTE

Check Details

Version: 0.0.1
Check: LazyData
Result: NOTE 'LazyData' is specified without a 'data' directory Flavors: r-devel-linux-x86_64-debian-clang, r-devel-linux-x86_64-debian-gcc, r-devel-linux-x86_64-fedora-clang, r-devel-linux-x86_64-fedora-gcc, r-devel-windows-x86_64, r-patched-linux-x86_64, r-release-linux-x86_64, r-release-macos-arm64, r-release-macos-x86_64, r-release-windows-x86_64, r-oldrel-macos-arm64, r-oldrel-macos-x86_64, r-oldrel-windows-x86_64