CRAN Package Check Results for Package TSF

Last updated on 2021-10-24 08:52:12 CEST.

Flavor Version Tinstall Tcheck Ttotal Status Flags
r-devel-linux-x86_64-debian-clang 0.1.1 5.98 74.92 80.90 NOTE
r-devel-linux-x86_64-debian-gcc 0.1.1 4.84 53.99 58.83 NOTE
r-devel-linux-x86_64-fedora-clang 0.1.1 106.45 NOTE
r-devel-linux-x86_64-fedora-gcc 0.1.1 91.32 NOTE
r-devel-windows-x86_64 0.1.1 10.00 74.00 84.00 NOTE
r-devel-windows-x86_64-gcc10-UCRT 0.1.1 NOTE
r-patched-linux-x86_64 0.1.1 5.21 68.96 74.17 NOTE
r-patched-solaris-x86 0.1.1 140.80 NOTE
r-release-linux-x86_64 0.1.1 5.60 68.60 74.20 NOTE
r-release-macos-arm64 0.1.1 NOTE
r-release-macos-x86_64 0.1.1 NOTE
r-release-windows-ix86+x86_64 0.1.1 13.00 151.00 164.00 NOTE
r-oldrel-macos-x86_64 0.1.1 OK
r-oldrel-windows-ix86+x86_64 0.1.1 17.00 338.00 355.00 OK

Check Details

Version: 0.1.1
Check: LazyData
Result: NOTE
     'LazyData' is specified without a 'data' directory
Flavors: r-devel-linux-x86_64-debian-clang, r-devel-linux-x86_64-debian-gcc, r-devel-linux-x86_64-fedora-clang, r-devel-linux-x86_64-fedora-gcc, r-devel-windows-x86_64, r-devel-windows-x86_64-gcc10-UCRT, r-patched-linux-x86_64, r-patched-solaris-x86, r-release-linux-x86_64, r-release-macos-arm64, r-release-macos-x86_64, r-release-windows-ix86+x86_64