CRAN Package Check Results for Package TOHM

Last updated on 2020-07-14 09:50:55 CEST.

Flavor Version Tinstall Tcheck Ttotal Status Flags
r-devel-linux-x86_64-debian-clang 1.3 9.53 101.40 110.93 OK
r-devel-linux-x86_64-debian-gcc 1.3 7.73 73.53 81.26 OK
r-devel-linux-x86_64-fedora-clang 1.3 137.43 OK
r-devel-linux-x86_64-fedora-gcc 1.3 129.01 OK
r-devel-windows-ix86+x86_64 1.3 26.00 137.00 163.00 OK
r-patched-linux-x86_64 1.3 9.03 97.72 106.75 OK
r-patched-solaris-x86 1.3 177.10 OK
r-release-linux-x86_64 1.3 9.57 98.32 107.89 OK
r-release-macos-x86_64 1.3 ERROR
r-release-windows-ix86+x86_64 1.3 23.00 99.00 122.00 OK
r-oldrel-macos-x86_64 1.3 OK
r-oldrel-windows-ix86+x86_64 1.3 19.00 129.00 148.00 OK

Check Details

Version: 1.3
Check: whether package can be installed
Result: ERROR
    Installation failed.
Flavor: r-release-macos-x86_64