CRAN Package Check Results for Package TKCat

Last updated on 2021-09-23 08:51:26 CEST.

Flavor Version Tinstall Tcheck Ttotal Status Flags
r-devel-linux-x86_64-debian-clang 0.5.4 17.44 186.04 203.48 NOTE
r-devel-linux-x86_64-debian-gcc 0.5.4 13.66 135.80 149.46 NOTE
r-devel-linux-x86_64-fedora-clang 0.5.4 237.18 NOTE
r-devel-linux-x86_64-fedora-gcc 0.5.4 229.88 NOTE
r-devel-windows-x86_64 0.5.4 19.00 162.00 181.00 NOTE
r-devel-windows-x86_64-gcc10-UCRT 0.5.4 ERROR
r-patched-linux-x86_64 0.5.4 18.57 180.83 199.40 NOTE
r-patched-solaris-x86 0.5.4 236.70 WARN
r-release-linux-x86_64 0.5.4 14.83 181.31 196.14 NOTE
r-release-macos-arm64 0.5.4 NOTE
r-release-macos-x86_64 0.5.4 WARN
r-release-windows-ix86+x86_64 0.5.4 37.00 228.00 265.00 NOTE
r-oldrel-macos-x86_64 0.5.4 WARN
r-oldrel-windows-ix86+x86_64 0.5.4 24.00 182.00 206.00 OK

Check Details

Version: 0.5.4
Check: LazyData
Result: NOTE
     'LazyData' is specified without a 'data' directory
Flavors: r-devel-linux-x86_64-debian-clang, r-devel-linux-x86_64-debian-gcc, r-devel-linux-x86_64-fedora-clang, r-devel-linux-x86_64-fedora-gcc, r-devel-windows-x86_64, r-patched-linux-x86_64, r-patched-solaris-x86, r-release-linux-x86_64, r-release-macos-arm64, r-release-macos-x86_64, r-release-windows-ix86+x86_64

Version: 0.5.4
Check: dependencies in R code
Result: NOTE
    Namespace in Imports field not imported from: ‘base64enc’
     All declared Imports should be used.
Flavors: r-devel-linux-x86_64-fedora-clang, r-devel-linux-x86_64-fedora-gcc, r-patched-solaris-x86, r-release-macos-arm64, r-release-macos-x86_64, r-oldrel-macos-x86_64

Version: 0.5.4
Check: Rd cross-references
Result: NOTE
    Undeclared package ‘tibble’ in Rd xrefs
Flavor: r-devel-linux-x86_64-fedora-clang

Version: 0.5.4
Check: package dependencies
Result: ERROR
    Package required but not available: 'ReDaMoR'
    
    See section 'The DESCRIPTION file' in the 'Writing R Extensions'
    manual.
Flavor: r-devel-windows-x86_64-gcc10-UCRT

Version: 0.5.4
Check: re-building of vignette outputs
Result: WARN
    Error(s) in re-building vignettes:
     ...
    --- re-building ‘TKCat-Collections.Rmd’ using rmarkdown
    Pandoc is required to build R Markdown vignettes but not available. Please make sure it is installed.
    Loading required package: ReDaMoR
    Loading required package: dplyr
    
    Attaching package: 'dplyr'
    
    The following objects are masked from 'package:stats':
    
     filter, lag
    
    The following objects are masked from 'package:base':
    
     intersect, setdiff, setequal, union
    
    Loading required package: magrittr
    Loading required package: visNetwork
    
    Attaching package: 'ReDaMoR'
    
    The following object is masked from 'package:base':
    
     lengths
    
    Loading required package: DBI
    Loading required package: RClickhouse
    --- finished re-building ‘TKCat-Collections.Rmd’
    
    --- re-building ‘TKCat-User-guide.Rmd’ using rmarkdown
    Pandoc is required to build R Markdown vignettes but not available. Please make sure it is installed.
    Loading required package: ReDaMoR
    Loading required package: dplyr
    
    Attaching package: 'dplyr'
    
    The following objects are masked from 'package:stats':
    
     filter, lag
    
    The following objects are masked from 'package:base':
    
     intersect, setdiff, setequal, union
    
    Loading required package: magrittr
    Loading required package: visNetwork
    
    Attaching package: 'ReDaMoR'
    
    The following object is masked from 'package:base':
    
     lengths
    
    Loading required package: DBI
    Loading required package: RClickhouse
    Quitting from lines 113-114 (TKCat-User-guide.Rmd)
    Error: processing vignette 'TKCat-User-guide.Rmd' failed with diagnostics:
    there is no package called 'webshot'
    --- failed re-building ‘TKCat-User-guide.Rmd’
    
    --- re-building ‘chTKCat-Operations-manual.Rmd’ using rmarkdown
    Pandoc is required to build R Markdown vignettes but not available. Please make sure it is installed.
    Loading required package: ReDaMoR
    Loading required package: dplyr
    
    Attaching package: 'dplyr'
    
    The following objects are masked from 'package:stats':
    
     filter, lag
    
    The following objects are masked from 'package:base':
    
     intersect, setdiff, setequal, union
    
    Loading required package: magrittr
    Loading required package: visNetwork
    
    Attaching package: 'ReDaMoR'
    
    The following object is masked from 'package:base':
    
     lengths
    
    Loading required package: DBI
    Loading required package: RClickhouse
    --- finished re-building ‘chTKCat-Operations-manual.Rmd’
    
    --- re-building ‘chTKCat-User-guide.Rmd’ using rmarkdown
    Pandoc is required to build R Markdown vignettes but not available. Please make sure it is installed.
    Loading required package: ReDaMoR
    Loading required package: dplyr
    
    Attaching package: 'dplyr'
    
    The following objects are masked from 'package:stats':
    
     filter, lag
    
    The following objects are masked from 'package:base':
    
     intersect, setdiff, setequal, union
    
    Loading required package: magrittr
    Loading required package: visNetwork
    
    Attaching package: 'ReDaMoR'
    
    The following object is masked from 'package:base':
    
     lengths
    
    Loading required package: DBI
    Loading required package: RClickhouse
    --- finished re-building ‘chTKCat-User-guide.Rmd’
    
    SUMMARY: processing the following file failed:
     ‘TKCat-User-guide.Rmd’
    
    Error: Vignette re-building failed.
    Execution halted
Flavor: r-patched-solaris-x86

Version: 0.5.4
Check: re-building of vignette outputs
Result: WARN
    Error(s) in re-building vignettes:
    --- re-building ‘TKCat-Collections.Rmd’ using rmarkdown
    Warning in engine$weave(file, quiet = quiet, encoding = enc) :
     Pandoc (>= 1.12.3) not available. Falling back to R Markdown v1.
    Loading required package: ReDaMoR
    Loading required package: dplyr
    
    Attaching package: 'dplyr'
    
    The following objects are masked from 'package:stats':
    
     filter, lag
    
    The following objects are masked from 'package:base':
    
     intersect, setdiff, setequal, union
    
    Loading required package: magrittr
    Loading required package: visNetwork
    
    Attaching package: 'ReDaMoR'
    
    The following object is masked from 'package:base':
    
     lengths
    
    Loading required package: DBI
    Loading required package: RClickhouse
    --- finished re-building ‘TKCat-Collections.Rmd’
    
    --- re-building ‘TKCat-User-guide.Rmd’ using rmarkdown
    Warning in engine$weave(file, quiet = quiet, encoding = enc) :
     Pandoc (>= 1.12.3) not available. Falling back to R Markdown v1.
    Loading required package: ReDaMoR
    Loading required package: dplyr
    
    Attaching package: 'dplyr'
    
    The following objects are masked from 'package:stats':
    
     filter, lag
    
    The following objects are masked from 'package:base':
    
     intersect, setdiff, setequal, union
    
    Loading required package: magrittr
    Loading required package: visNetwork
    
    Attaching package: 'ReDaMoR'
    
    The following object is masked from 'package:base':
    
     lengths
    
    Loading required package: DBI
    Loading required package: RClickhouse
    Quitting from lines 113-114 (TKCat-User-guide.Rmd)
    Error: processing vignette 'TKCat-User-guide.Rmd' failed with diagnostics:
    invalid 'path' argument
    --- failed re-building ‘TKCat-User-guide.Rmd’
    
    --- re-building ‘chTKCat-Operations-manual.Rmd’ using rmarkdown
    Warning in engine$weave(file, quiet = quiet, encoding = enc) :
     Pandoc (>= 1.12.3) not available. Falling back to R Markdown v1.
    Loading required package: ReDaMoR
    Loading required package: dplyr
    
    Attaching package: 'dplyr'
    
    The following objects are masked from 'package:stats':
    
     filter, lag
    
    The following objects are masked from 'package:base':
    
     intersect, setdiff, setequal, union
    
    Loading required package: magrittr
    Loading required package: visNetwork
    
    Attaching package: 'ReDaMoR'
    
    The following object is masked from 'package:base':
    
     lengths
    
    Loading required package: DBI
    Loading required package: RClickhouse
    --- finished re-building ‘chTKCat-Operations-manual.Rmd’
    
    --- re-building ‘chTKCat-User-guide.Rmd’ using rmarkdown
    Warning in engine$weave(file, quiet = quiet, encoding = enc) :
     Pandoc (>= 1.12.3) not available. Falling back to R Markdown v1.
    Loading required package: ReDaMoR
    Loading required package: dplyr
    
    Attaching package: 'dplyr'
    
    The following objects are masked from 'package:stats':
    
     filter, lag
    
    The following objects are masked from 'package:base':
    
     intersect, setdiff, setequal, union
    
    Loading required package: magrittr
    Loading required package: visNetwork
    
    Attaching package: 'ReDaMoR'
    
    The following object is masked from 'package:base':
    
     lengths
    
    Loading required package: DBI
    Loading required package: RClickhouse
    --- finished re-building ‘chTKCat-User-guide.Rmd’
    
    SUMMARY: processing the following file failed:
     ‘TKCat-User-guide.Rmd’
    
    Error: Vignette re-building failed.
    Execution halted
Flavor: r-release-macos-x86_64

Version: 0.5.4
Check: re-building of vignette outputs
Result: WARN
    Error(s) in re-building vignettes:
    --- re-building ‘TKCat-Collections.Rmd’ using rmarkdown
    Warning in engine$weave(file, quiet = quiet, encoding = enc) :
     Pandoc (>= 1.12.3) and/or pandoc-citeproc not available. Falling back to R Markdown v1.
    Loading required package: ReDaMoR
    Loading required package: dplyr
    
    Attaching package: 'dplyr'
    
    The following objects are masked from 'package:stats':
    
     filter, lag
    
    The following objects are masked from 'package:base':
    
     intersect, setdiff, setequal, union
    
    Loading required package: magrittr
    Loading required package: visNetwork
    
    Attaching package: 'ReDaMoR'
    
    The following object is masked from 'package:base':
    
     lengths
    
    Loading required package: DBI
    Loading required package: RClickhouse
    --- finished re-building ‘TKCat-Collections.Rmd’
    
    --- re-building ‘TKCat-User-guide.Rmd’ using rmarkdown
    Warning in engine$weave(file, quiet = quiet, encoding = enc) :
     Pandoc (>= 1.12.3) and/or pandoc-citeproc not available. Falling back to R Markdown v1.
    Loading required package: ReDaMoR
    Loading required package: dplyr
    
    Attaching package: 'dplyr'
    
    The following objects are masked from 'package:stats':
    
     filter, lag
    
    The following objects are masked from 'package:base':
    
     intersect, setdiff, setequal, union
    
    Loading required package: magrittr
    Loading required package: visNetwork
    
    Attaching package: 'ReDaMoR'
    
    The following object is masked from 'package:base':
    
     lengths
    
    Loading required package: DBI
    Loading required package: RClickhouse
    Quitting from lines 113-114 (TKCat-User-guide.Rmd)
    Error: processing vignette 'TKCat-User-guide.Rmd' failed with diagnostics:
    invalid 'path' argument
    --- failed re-building ‘TKCat-User-guide.Rmd’
    
    --- re-building ‘chTKCat-Operations-manual.Rmd’ using rmarkdown
    Warning in engine$weave(file, quiet = quiet, encoding = enc) :
     Pandoc (>= 1.12.3) and/or pandoc-citeproc not available. Falling back to R Markdown v1.
    Loading required package: ReDaMoR
    Loading required package: dplyr
    
    Attaching package: 'dplyr'
    
    The following objects are masked from 'package:stats':
    
     filter, lag
    
    The following objects are masked from 'package:base':
    
     intersect, setdiff, setequal, union
    
    Loading required package: magrittr
    Loading required package: visNetwork
    
    Attaching package: 'ReDaMoR'
    
    The following object is masked from 'package:base':
    
     lengths
    
    Loading required package: DBI
    Loading required package: RClickhouse
    --- finished re-building ‘chTKCat-Operations-manual.Rmd’
    
    --- re-building ‘chTKCat-User-guide.Rmd’ using rmarkdown
    Warning in engine$weave(file, quiet = quiet, encoding = enc) :
     Pandoc (>= 1.12.3) and/or pandoc-citeproc not available. Falling back to R Markdown v1.
    Loading required package: ReDaMoR
    Loading required package: dplyr
    
    Attaching package: 'dplyr'
    
    The following objects are masked from 'package:stats':
    
     filter, lag
    
    The following objects are masked from 'package:base':
    
     intersect, setdiff, setequal, union
    
    Loading required package: magrittr
    Loading required package: visNetwork
    
    Attaching package: 'ReDaMoR'
    
    The following object is masked from 'package:base':
    
     lengths
    
    Loading required package: DBI
    Loading required package: RClickhouse
    --- finished re-building ‘chTKCat-User-guide.Rmd’
    
    SUMMARY: processing the following file failed:
     ‘TKCat-User-guide.Rmd’
    
    Error: Vignette re-building failed.
    Execution halted
Flavor: r-oldrel-macos-x86_64