CRAN Package Check Results for Package TGS

Last updated on 2023-01-26 19:49:41 CET.

Flavor Version Tinstall Tcheck Ttotal Status Flags
r-devel-linux-x86_64-debian-clang 1.0.1 5.37 35.89 41.26 NOTE
r-devel-linux-x86_64-debian-gcc 1.0.1 3.75 27.03 30.78 NOTE
r-devel-linux-x86_64-fedora-clang 1.0.1 50.43 NOTE
r-devel-linux-x86_64-fedora-gcc 1.0.1 59.92 NOTE
r-devel-windows-x86_64 1.0.1 19.00 63.00 82.00 NOTE
r-patched-linux-x86_64 1.0.1 4.84 35.31 40.15 NOTE
r-release-linux-x86_64 1.0.1 4.04 34.68 38.72 NOTE
r-release-macos-arm64 1.0.1 21.00 NOTE
r-release-macos-x86_64 1.0.1 26.00 NOTE
r-release-windows-x86_64 1.0.1 24.00 66.00 90.00 NOTE
r-oldrel-macos-arm64 1.0.1 25.00 NOTE
r-oldrel-macos-x86_64 1.0.1 33.00 NOTE
r-oldrel-windows-ix86+x86_64 1.0.1 10.00 62.00 72.00 NOTE

Check Details

Version: 1.0.1
Check: LazyData
Result: NOTE
     'LazyData' is specified without a 'data' directory
Flavors: r-devel-linux-x86_64-debian-clang, r-devel-linux-x86_64-debian-gcc, r-devel-linux-x86_64-fedora-clang, r-devel-linux-x86_64-fedora-gcc, r-devel-windows-x86_64, r-patched-linux-x86_64, r-release-linux-x86_64, r-release-macos-arm64, r-release-macos-x86_64, r-release-windows-x86_64, r-oldrel-macos-arm64, r-oldrel-macos-x86_64, r-oldrel-windows-ix86+x86_64

Version: 1.0.1
Check: dependencies in R code
Result: NOTE
    Namespace in Imports field not imported from: ‘ggm’
     All declared Imports should be used.
Flavors: r-devel-linux-x86_64-fedora-clang, r-devel-linux-x86_64-fedora-gcc, r-release-macos-arm64, r-release-macos-x86_64, r-oldrel-macos-arm64, r-oldrel-macos-x86_64