Last updated on 2023-06-10 11:51:39 CEST.
Flavor | Version | Tinstall | Tcheck | Ttotal | Status | Flags |
---|---|---|---|---|---|---|
r-devel-linux-x86_64-debian-clang | 1.2.1 | 12.33 | 93.16 | 105.49 | NOTE | |
r-devel-linux-x86_64-debian-gcc | 1.2.1 | 9.42 | 70.19 | 79.61 | NOTE | |
r-devel-linux-x86_64-fedora-clang | 1.2.1 | 132.17 | NOTE | |||
r-devel-linux-x86_64-fedora-gcc | 1.2.1 | 134.94 | NOTE | |||
r-devel-windows-x86_64 | 1.2.1 | 10.00 | 83.00 | 93.00 | NOTE | |
r-patched-linux-x86_64 | 1.2.1 | 10.88 | 86.26 | 97.14 | NOTE | |
r-release-linux-x86_64 | 1.2.1 | 9.82 | 86.89 | 96.71 | NOTE | |
r-release-macos-arm64 | 1.2.1 | 45.00 | NOTE | |||
r-release-macos-x86_64 | 1.2.1 | 65.00 | NOTE | |||
r-release-windows-x86_64 | 1.2.1 | 13.00 | 98.00 | 111.00 | NOTE | |
r-oldrel-macos-arm64 | 1.2.1 | 35.00 | NOTE | |||
r-oldrel-macos-x86_64 | 1.2.1 | 68.00 | NOTE | |||
r-oldrel-windows-x86_64 | 1.2.1 | 14.00 | 99.00 | 113.00 | NOTE |
Version: 1.2.1
Check: LazyData
Result: NOTE
'LazyData' is specified without a 'data' directory
Flavors: r-devel-linux-x86_64-debian-clang, r-devel-linux-x86_64-debian-gcc, r-devel-linux-x86_64-fedora-clang, r-devel-linux-x86_64-fedora-gcc, r-devel-windows-x86_64, r-patched-linux-x86_64, r-release-linux-x86_64, r-release-macos-arm64, r-release-macos-x86_64, r-release-windows-x86_64, r-oldrel-macos-arm64, r-oldrel-macos-x86_64, r-oldrel-windows-x86_64
Version: 1.2.1
Check: dependencies in R code
Result: NOTE
Namespaces in Imports field not imported from:
‘Matrix’ ‘quadprog’
All declared Imports should be used.
Flavors: r-devel-linux-x86_64-fedora-clang, r-devel-linux-x86_64-fedora-gcc, r-oldrel-macos-arm64, r-oldrel-macos-x86_64