Last updated on 2025-01-17 21:49:50 CET.
Flavor | Version | Tinstall | Tcheck | Ttotal | Status | Flags |
---|---|---|---|---|---|---|
r-devel-linux-x86_64-debian-clang | 4.2-21 | 144.69 | 167.02 | 311.71 | NOTE | |
r-devel-linux-x86_64-debian-gcc | 4.2-21 | 102.32 | 106.74 | 209.06 | NOTE | |
r-devel-linux-x86_64-fedora-clang | 4.2-21 | 575.00 | OK | |||
r-devel-linux-x86_64-fedora-gcc | 4.2-21 | 584.27 | OK | |||
r-devel-windows-x86_64 | 4.2-21 | 154.00 | 198.00 | 352.00 | NOTE | |
r-patched-linux-x86_64 | 4.2-21 | 153.33 | 159.32 | 312.65 | OK | |
r-release-linux-x86_64 | 4.2-21 | 143.66 | 158.09 | 301.75 | OK | |
r-release-macos-arm64 | 4.2-21 | 113.00 | NOTE | |||
r-release-macos-x86_64 | 4.2-21 | 171.00 | NOTE | |||
r-release-windows-x86_64 | 4.2-21 | 154.00 | 183.00 | 337.00 | OK | |
r-oldrel-macos-arm64 | 4.2-21 | 118.00 | NOTE | |||
r-oldrel-macos-x86_64 | 4.2-21 | 247.00 | NOTE | |||
r-oldrel-windows-x86_64 | 4.2-21 | 176.00 | 245.00 | 421.00 | OK |
Version: 4.2-21
Check: Rd cross-references
Result: NOTE
Found the following Rd file(s) with Rd \link{} targets missing package
anchors:
IRT.threshold.Rd: IRT.irfprob
Please provide package anchors for all Rd \link{} targets not in the
package itself and the base packages.
Flavors: r-devel-linux-x86_64-debian-clang, r-devel-linux-x86_64-debian-gcc, r-devel-windows-x86_64
Version: 4.2-21
Check: installed package size
Result: NOTE
installed size is 7.4Mb
sub-directories of 1Mb or more:
R 2.0Mb
libs 4.5Mb
Flavors: r-release-macos-arm64, r-release-macos-x86_64, r-oldrel-macos-arm64, r-oldrel-macos-x86_64