CRAN Package Check Results for Package TAM

Last updated on 2021-09-27 08:49:52 CEST.

Flavor Version Tinstall Tcheck Ttotal Status Flags
r-devel-linux-x86_64-debian-clang 3.7-16 235.46 197.62 433.08 OK
r-devel-linux-x86_64-debian-gcc 3.7-16 153.95 143.25 297.20 OK
r-devel-linux-x86_64-fedora-clang 3.7-16 582.92 NOTE
r-devel-linux-x86_64-fedora-gcc 3.7-16 536.33 OK
r-devel-windows-x86_64 3.7-16 208.00 164.00 372.00 OK
r-devel-windows-x86_64-gcc10-UCRT 3.7-16 OK
r-patched-linux-x86_64 3.7-16 195.79 189.12 384.91 OK
r-patched-solaris-x86 3.7-16 496.20 OK
r-release-linux-x86_64 3.7-16 185.53 188.52 374.05 OK
r-release-macos-arm64 3.7-16 NOTE
r-release-macos-x86_64 3.7-16 NOTE
r-release-windows-ix86+x86_64 3.7-16 522.00 255.00 777.00 OK
r-oldrel-macos-x86_64 3.7-16 NOTE
r-oldrel-windows-ix86+x86_64 3.7-16 368.00 201.00 569.00 OK

Check Details

Version: 3.7-16
Check: installed package size
Result: NOTE
     installed size is 6.8Mb
     sub-directories of 1Mb or more:
     R 1.3Mb
     libs 4.5Mb
Flavors: r-devel-linux-x86_64-fedora-clang, r-release-macos-arm64, r-release-macos-x86_64, r-oldrel-macos-x86_64

Version: 3.7-16
Check: Rd cross-references
Result: NOTE
    Undeclared package ‘mirt’ in Rd xrefs
Flavor: r-devel-linux-x86_64-fedora-clang