CRAN Package Check Results for Package Sysrecon

Last updated on 2024-03-02 19:50:32 CET.

Flavor Version Tinstall Tcheck Ttotal Status Flags
r-devel-linux-x86_64-debian-clang 0.1.3 0.34 1.82 2.16 ERROR
r-devel-linux-x86_64-debian-gcc 0.1.3 8.25 64.89 73.14 OK
r-devel-linux-x86_64-fedora-clang 0.1.3 123.29 NOTE
r-devel-linux-x86_64-fedora-gcc 0.1.3 112.61 NOTE
r-devel-windows-x86_64 0.1.3 10.00 81.00 91.00 OK
r-patched-linux-x86_64 0.1.3 7.49 85.20 92.69 OK
r-release-linux-x86_64 0.1.3 6.75 85.13 91.88 OK
r-release-macos-arm64 0.1.3 34.00 OK
r-release-macos-x86_64 0.1.3 53.00 OK
r-release-windows-x86_64 0.1.3 13.00 98.00 111.00 OK
r-oldrel-macos-arm64 0.1.3 30.00 OK
r-oldrel-windows-x86_64 0.1.3 14.00 103.00 117.00 OK

Check Details

Version: 0.1.3
Check: package dependencies
Result: ERROR Package required but not available: ‘ggtree’ See section ‘The DESCRIPTION file’ in the ‘Writing R Extensions’ manual. Flavor: r-devel-linux-x86_64-debian-clang

Version: 0.1.3
Check: data for non-ASCII characters
Result: NOTE Note: found 38 marked UTF-8 strings Flavors: r-devel-linux-x86_64-fedora-clang, r-devel-linux-x86_64-fedora-gcc