CRAN Package Check Results for Package Superpower

Last updated on 2024-02-26 19:50:23 CET.

Flavor Version Tinstall Tcheck Ttotal Status Flags
r-devel-linux-x86_64-debian-clang 0.2.0 20.62 423.70 444.32 OK
r-devel-linux-x86_64-debian-gcc 0.2.0 14.29 319.77 334.06 OK
r-devel-linux-x86_64-fedora-clang 0.2.0 545.54 NOTE
r-devel-linux-x86_64-fedora-gcc 0.2.0 558.60 NOTE
r-devel-windows-x86_64 0.2.0 16.00 314.00 330.00 OK
r-patched-linux-x86_64 0.2.0 25.20 414.40 439.60 OK
r-release-linux-x86_64 0.2.0 17.90 411.95 429.85 OK
r-release-macos-arm64 0.2.0 175.00 OK
r-release-macos-x86_64 0.2.0 293.00 OK
r-release-windows-x86_64 0.2.0 23.00 410.00 433.00 OK
r-oldrel-macos-arm64 0.2.0 105.00 NOTE
r-oldrel-windows-x86_64 0.2.0 23.00 404.00 427.00 OK

Check Details

Version: 0.2.0
Check: dependencies in R code
Result: NOTE Namespaces in Imports field not imported from: ‘gridExtra’ ‘mvtnorm’ All declared Imports should be used. Flavors: r-devel-linux-x86_64-fedora-clang, r-devel-linux-x86_64-fedora-gcc, r-oldrel-macos-arm64