CRAN Package Check Results for Package Superpower

Last updated on 2023-02-07 09:57:58 CET.

Flavor Version Tinstall Tcheck Ttotal Status Flags
r-devel-linux-x86_64-debian-clang 0.2.0 18.93 452.45 471.38 OK
r-devel-linux-x86_64-debian-gcc 0.2.0 17.15 328.47 345.62 OK
r-devel-linux-x86_64-fedora-clang 0.2.0 555.46 NOTE
r-devel-linux-x86_64-fedora-gcc 0.2.0 560.59 NOTE
r-devel-windows-x86_64 0.2.0 69.00 745.00 814.00 OK
r-patched-linux-x86_64 0.2.0 22.07 422.23 444.30 OK
r-release-linux-x86_64 0.2.0 15.50 403.54 419.04 OK
r-release-macos-arm64 0.2.0 105.00 NOTE
r-release-macos-x86_64 0.2.0 176.00 NOTE
r-release-windows-x86_64 0.2.0 60.00 777.00 837.00 OK
r-oldrel-macos-arm64 0.2.0 95.00 NOTE
r-oldrel-macos-x86_64 0.2.0 186.00 NOTE
r-oldrel-windows-ix86+x86_64 0.2.0 42.00 501.00 543.00 OK

Check Details

Version: 0.2.0
Check: dependencies in R code
Result: NOTE
    Namespaces in Imports field not imported from:
     ‘gridExtra’ ‘mvtnorm’
     All declared Imports should be used.
Flavors: r-devel-linux-x86_64-fedora-clang, r-devel-linux-x86_64-fedora-gcc, r-release-macos-arm64, r-release-macos-x86_64, r-oldrel-macos-arm64, r-oldrel-macos-x86_64