CRAN Package Check Results for Package SuperPCA

Last updated on 2020-07-14 09:50:53 CEST.

Flavor Version Tinstall Tcheck Ttotal Status Flags
r-devel-linux-x86_64-debian-clang 0.3.0 10.47 76.49 86.96 OK
r-devel-linux-x86_64-debian-gcc 0.3.0 9.93 57.29 67.22 OK
r-devel-linux-x86_64-fedora-clang 0.3.0 114.32 NOTE
r-devel-linux-x86_64-fedora-gcc 0.3.0 108.47 NOTE
r-devel-windows-ix86+x86_64 0.3.0 27.00 106.00 133.00 OK
r-patched-linux-x86_64 0.3.0 10.56 74.04 84.60 OK
r-patched-solaris-x86 0.3.0 156.70 NOTE
r-release-linux-x86_64 0.3.0 9.91 73.92 83.83 OK
r-release-macos-x86_64 0.3.0 ERROR
r-release-windows-ix86+x86_64 0.3.0 27.00 103.00 130.00 OK
r-oldrel-macos-x86_64 0.3.0 NOTE
r-oldrel-windows-ix86+x86_64 0.3.0 23.00 99.00 122.00 OK

Check Details

Version: 0.3.0
Check: dependencies in R code
Result: NOTE
    Namespaces in Imports field not imported from:
     ‘R.matlab’ ‘fBasics’ ‘spls’
     All declared Imports should be used.
Flavors: r-devel-linux-x86_64-fedora-clang, r-devel-linux-x86_64-fedora-gcc, r-patched-solaris-x86, r-oldrel-macos-x86_64

Version: 0.3.0
Check: whether package can be installed
Result: ERROR
    Installation failed.
Flavor: r-release-macos-x86_64