CRAN Package Check Results for Package SummaryLasso

Last updated on 2023-03-29 08:53:54 CEST.

Flavor Version Tinstall Tcheck Ttotal Status Flags
r-devel-linux-x86_64-debian-clang 1.2.1 4.27 29.02 33.29 OK
r-devel-linux-x86_64-debian-gcc 1.2.1 3.10 22.85 25.95 OK
r-devel-linux-x86_64-fedora-clang 1.2.1 42.46 NOTE
r-devel-linux-x86_64-fedora-gcc 1.2.1 42.31 NOTE
r-devel-windows-x86_64 1.2.1 23.00 0.00 23.00 OK
r-patched-linux-x86_64 1.2.1 4.66 28.71 33.37 OK
r-release-linux-x86_64 1.2.1 3.90 29.57 33.47 OK
r-release-macos-arm64 1.2.1 20.00 OK
r-release-macos-x86_64 1.2.1 26.00 OK
r-release-windows-x86_64 1.2.1 21.00 76.00 97.00 OK
r-oldrel-macos-arm64 1.2.1 24.00 OK
r-oldrel-macos-x86_64 1.2.1 34.00 OK
r-oldrel-windows-ix86+x86_64 1.2.1 12.00 66.00 78.00 OK

Check Details

Version: 1.2.1
Check: compiled code
Result: NOTE
    File ‘SummaryLasso/libs/SummaryLasso.so’:
     Found no calls to: ‘R_registerRoutines’, ‘R_useDynamicSymbols’
    
    It is good practice to register native routines and to disable symbol
    search.
    
    See ‘Writing portable packages’ in the ‘Writing R Extensions’ manual.
Flavors: r-devel-linux-x86_64-fedora-clang, r-devel-linux-x86_64-fedora-gcc