CRAN Package Check Results for Package String2AdjMatrix

Last updated on 2022-10-01 10:52:07 CEST.

Flavor Version Tinstall Tcheck Ttotal Status Flags
r-devel-linux-x86_64-debian-clang 0.1.0 2.06 22.13 24.19 NOTE
r-devel-linux-x86_64-debian-gcc 0.1.0 1.64 17.21 18.85 NOTE
r-devel-linux-x86_64-fedora-clang 0.1.0 42.83 NOTE
r-devel-linux-x86_64-fedora-gcc 0.1.0 40.48 NOTE
r-devel-windows-x86_64 0.1.0 12.00 49.00 61.00 NOTE
r-patched-linux-x86_64 0.1.0 1.73 21.48 23.21 NOTE
r-release-linux-x86_64 0.1.0 2.02 21.53 23.55 NOTE
r-release-macos-arm64 0.1.0 16.00 NOTE
r-release-macos-x86_64 0.1.0 21.00 NOTE
r-release-windows-x86_64 0.1.0 12.00 47.00 59.00 NOTE
r-oldrel-macos-arm64 0.1.0 20.00 NOTE
r-oldrel-macos-x86_64 0.1.0 25.00 NOTE
r-oldrel-windows-ix86+x86_64 0.1.0 5.00 45.00 50.00 NOTE

Check Details

Version: 0.1.0
Check: LazyData
Result: NOTE
     'LazyData' is specified without a 'data' directory
Flavors: r-devel-linux-x86_64-debian-clang, r-devel-linux-x86_64-debian-gcc, r-devel-linux-x86_64-fedora-clang, r-devel-linux-x86_64-fedora-gcc, r-devel-windows-x86_64, r-patched-linux-x86_64, r-release-linux-x86_64, r-release-macos-arm64, r-release-macos-x86_64, r-release-windows-x86_64, r-oldrel-macos-arm64, r-oldrel-macos-x86_64, r-oldrel-windows-ix86+x86_64