CRAN Package Check Results for Package StratifiedMedicine

Last updated on 2021-09-25 20:50:44 CEST.

Flavor Version Tinstall Tcheck Ttotal Status Flags
r-devel-linux-x86_64-debian-clang 1.0.4 15.69 358.16 373.85 OK
r-devel-linux-x86_64-debian-gcc 1.0.4 10.85 285.82 296.67 OK
r-devel-linux-x86_64-fedora-clang 1.0.4 418.76 NOTE
r-devel-linux-x86_64-fedora-gcc 1.0.4 411.21 OK
r-devel-windows-x86_64 1.0.4 14.00 158.00 172.00 NOTE
r-devel-windows-x86_64-gcc10-UCRT 1.0.4 OK
r-patched-linux-x86_64 1.0.4 12.94 340.45 353.39 OK
r-patched-solaris-x86 1.0.4 684.40 NOTE
r-release-linux-x86_64 1.0.4 16.86 340.96 357.82 OK
r-release-macos-arm64 1.0.4 NOTE
r-release-macos-x86_64 1.0.4 NOTE
r-release-windows-ix86+x86_64 1.0.4 30.00 205.00 235.00 NOTE
r-oldrel-macos-x86_64 1.0.4 NOTE
r-oldrel-windows-ix86+x86_64 1.0.4 22.00 149.00 171.00 NOTE

Check Details

Version: 1.0.4
Check: installed package size
Result: NOTE
     installed size is 5.6Mb
     sub-directories of 1Mb or more:
     doc 4.9Mb
Flavors: r-devel-linux-x86_64-fedora-clang, r-devel-windows-x86_64, r-patched-solaris-x86, r-release-macos-arm64, r-release-macos-x86_64, r-release-windows-ix86+x86_64, r-oldrel-macos-x86_64, r-oldrel-windows-ix86+x86_64