CRAN Package Check Results for Package StratifiedBalancing

Last updated on 2021-12-08 19:51:51 CET.

Flavor Version Tinstall Tcheck Ttotal Status Flags
r-devel-linux-x86_64-debian-clang 0.3.0 3.17 37.79 40.96 OK
r-devel-linux-x86_64-debian-gcc 0.3.0 2.72 30.07 32.79 OK
r-devel-linux-x86_64-fedora-clang 0.3.0 54.56 NOTE
r-devel-linux-x86_64-fedora-gcc 0.3.0 41.36 NOTE
r-devel-windows-x86_64-new-UL 0.3.0 8.00 64.00 72.00 OK
r-devel-windows-x86_64-new-TK 0.3.0 NOTE
r-devel-windows-x86_64-old 0.3.0 9.00 49.00 58.00 OK
r-patched-linux-x86_64 0.3.0 3.49 37.02 40.51 OK
r-release-linux-x86_64 0.3.0 4.25 36.74 40.99 OK
r-release-macos-arm64 0.3.0 NOTE
r-release-macos-x86_64 0.3.0 NOTE
r-release-windows-ix86+x86_64 0.3.0 7.00 48.00 55.00 OK
r-oldrel-macos-x86_64 0.3.0 NOTE
r-oldrel-windows-ix86+x86_64 0.3.0 8.00 50.00 58.00 OK

Check Details

Version: 0.3.0
Check: dependencies in R code
Result: NOTE
    Namespace in Imports field not imported from: ‘bnlearn’
     All declared Imports should be used.
Flavors: r-devel-linux-x86_64-fedora-clang, r-devel-linux-x86_64-fedora-gcc, r-devel-windows-x86_64-new-TK, r-release-macos-arm64, r-release-macos-x86_64, r-oldrel-macos-x86_64