CRAN Package Check Results for Package Strategy

Last updated on 2023-03-30 08:53:52 CEST.

Flavor Version Tinstall Tcheck Ttotal Status Flags
r-devel-linux-x86_64-debian-clang 1.0.1 11.15 50.18 61.33 NOTE
r-devel-linux-x86_64-debian-gcc 1.0.1 7.37 38.86 46.23 NOTE
r-devel-linux-x86_64-fedora-clang 1.0.1 75.05 NOTE
r-devel-linux-x86_64-fedora-gcc 1.0.1 92.81 NOTE
r-devel-windows-x86_64 1.0.1 53.00 0.00 53.00 OK
r-patched-linux-x86_64 1.0.1 9.32 49.20 58.52 NOTE
r-release-linux-x86_64 1.0.1 8.83 46.47 55.30 NOTE
r-release-macos-arm64 1.0.1 30.00 OK
r-release-macos-x86_64 1.0.1 37.00 OK
r-release-windows-x86_64 1.0.1 47.00 84.00 131.00 OK
r-oldrel-macos-arm64 1.0.1 35.00 OK
r-oldrel-macos-x86_64 1.0.1 51.00 OK
r-oldrel-windows-ix86+x86_64 1.0.1 20.00 76.00 96.00 OK

Check Details

Version: 1.0.1
Check: for non-standard things in the check directory
Result: NOTE
    Found the following files/directories:
     ‘myNewStrat.R’
Flavors: r-devel-linux-x86_64-debian-clang, r-devel-linux-x86_64-debian-gcc, r-devel-linux-x86_64-fedora-clang, r-devel-linux-x86_64-fedora-gcc, r-patched-linux-x86_64, r-release-linux-x86_64