CRAN Package Check Results for Package Storm

Last updated on 2020-09-24 20:47:02 CEST.

Flavor Version Tinstall Tcheck Ttotal Status Flags
r-devel-linux-x86_64-debian-clang 1.2 3.52 22.35 25.87 NOTE
r-devel-linux-x86_64-debian-gcc 1.2 2.61 17.97 20.58 NOTE
r-devel-linux-x86_64-fedora-clang 1.2 41.21 NOTE
r-devel-linux-x86_64-fedora-gcc 1.2 30.74 NOTE
r-devel-windows-ix86+x86_64 1.2 9.00 38.00 47.00 NOTE
r-patched-linux-x86_64 1.2 3.17 22.15 25.32 NOTE
r-patched-solaris-x86 1.2 50.10 NOTE
r-release-linux-x86_64 1.2 3.47 22.26 25.73 NOTE
r-release-macos-x86_64 1.2 NOTE
r-release-windows-ix86+x86_64 1.2 7.00 42.00 49.00 NOTE
r-oldrel-macos-x86_64 1.2 NOTE
r-oldrel-windows-ix86+x86_64 1.2 4.00 32.00 36.00 NOTE

Check Details

Version: 1.2
Check: DESCRIPTION meta-information
Result: NOTE
    Malformed Title field: should not end in a period.
Flavors: r-devel-linux-x86_64-debian-clang, r-devel-linux-x86_64-debian-gcc, r-devel-linux-x86_64-fedora-clang, r-devel-linux-x86_64-fedora-gcc, r-devel-windows-ix86+x86_64, r-patched-linux-x86_64, r-patched-solaris-x86, r-release-linux-x86_64, r-release-macos-x86_64, r-release-windows-ix86+x86_64, r-oldrel-macos-x86_64, r-oldrel-windows-ix86+x86_64