CRAN Package Check Results for Package Storm

Last updated on 2021-12-06 19:50:54 CET.

Flavor Version Tinstall Tcheck Ttotal Status Flags
r-devel-linux-x86_64-debian-clang 1.2 2.92 31.77 34.69 NOTE
r-devel-linux-x86_64-debian-gcc 1.2 2.53 25.49 28.02 NOTE
r-devel-linux-x86_64-fedora-clang 1.2 46.06 NOTE
r-devel-linux-x86_64-fedora-gcc 1.2 32.91 NOTE
r-devel-windows-x86_64-new-UL 1.2 10.00 58.00 68.00 NOTE
r-devel-windows-x86_64-new-TK 1.2 NOTE
r-devel-windows-x86_64-old 1.2 7.00 30.00 37.00 NOTE
r-patched-linux-x86_64 1.2 3.04 22.65 25.69 NOTE
r-release-linux-x86_64 1.2 3.15 30.69 33.84 NOTE
r-release-macos-arm64 1.2 NOTE
r-release-macos-x86_64 1.2 NOTE
r-release-windows-ix86+x86_64 1.2 8.00 40.00 48.00 NOTE
r-oldrel-macos-x86_64 1.2 NOTE
r-oldrel-windows-ix86+x86_64 1.2 9.00 43.00 52.00 NOTE

Check Details

Version: 1.2
Check: DESCRIPTION meta-information
Result: NOTE
    Malformed Title field: should not end in a period.
Flavors: r-devel-linux-x86_64-debian-clang, r-devel-linux-x86_64-debian-gcc, r-devel-linux-x86_64-fedora-clang, r-devel-linux-x86_64-fedora-gcc, r-devel-windows-x86_64-new-UL, r-devel-windows-x86_64-new-TK, r-devel-windows-x86_64-old, r-patched-linux-x86_64, r-release-linux-x86_64, r-release-macos-arm64, r-release-macos-x86_64, r-release-windows-ix86+x86_64, r-oldrel-macos-x86_64, r-oldrel-windows-ix86+x86_64