CRAN Package Check Results for Package StereoMorph

Last updated on 2020-10-01 08:49:02 CEST.

Flavor Version Tinstall Tcheck Ttotal Status Flags
r-devel-linux-x86_64-debian-clang 1.6.3 102.34 94.82 197.16 OK
r-devel-linux-x86_64-debian-gcc 1.6.3 0.57 3.08 3.65 ERROR
r-devel-linux-x86_64-fedora-clang 1.6.3 271.19 OK
r-devel-linux-x86_64-fedora-gcc 1.6.3 240.29 OK
r-devel-windows-ix86+x86_64 1.6.3 218.00 153.00 371.00 OK
r-patched-linux-x86_64 1.6.3 88.25 87.90 176.15 OK
r-patched-solaris-x86 1.6.3 236.90 OK
r-release-linux-x86_64 1.6.3 86.05 86.83 172.88 OK
r-release-macos-x86_64 1.6.3 OK
r-release-windows-ix86+x86_64 1.6.3 217.00 152.00 369.00 OK
r-oldrel-macos-x86_64 1.6.3 OK
r-oldrel-windows-ix86+x86_64 1.6.3 203.00 181.00 384.00 OK

Check Details

Version: 1.6.3
Check: whether package can be installed
Result: ERROR
    Installation failed.
Flavor: r-devel-linux-x86_64-debian-gcc