CRAN Package Check Results for Package SteppedPower

Last updated on 2021-09-16 08:50:49 CEST.

Flavor Version Tinstall Tcheck Ttotal Status Flags
r-devel-linux-x86_64-debian-clang 0.2.0 11.91 130.52 142.43 OK
r-devel-linux-x86_64-debian-gcc 0.2.0 9.54 95.71 105.25 OK
r-devel-linux-x86_64-fedora-clang 0.2.0 176.56 OK
r-devel-linux-x86_64-fedora-gcc 0.2.0 163.92 OK
r-devel-windows-x86_64 0.2.0 13.00 151.00 164.00 OK
r-devel-windows-x86_64-gcc10-UCRT 0.2.0 OK
r-patched-linux-x86_64 0.2.0 10.83 121.89 132.72 OK
r-patched-solaris-x86 0.2.0 185.40 OK
r-release-linux-x86_64 0.2.0 8.73 122.41 131.14 OK
r-release-macos-arm64 0.2.0 OK
r-release-macos-x86_64 0.2.0 WARN
r-release-windows-ix86+x86_64 0.2.0 26.00 151.00 177.00 OK
r-oldrel-macos-x86_64 0.2.0 WARN
r-oldrel-windows-ix86+x86_64 0.2.0 19.00 155.00 174.00 OK

Check Details

Version: 0.2.0
Check: re-building of vignette outputs
Result: WARN
    Error(s) in re-building vignettes:
     ...
    --- re-building ‘Getting_Started.Rmd’ using rmarkdown
    Warning in engine$weave(file, quiet = quiet, encoding = enc) :
     Pandoc (>= 1.12.3) not available. Falling back to R Markdown v1.
    Quitting from lines 206-208 (Getting_Started.Rmd)
    Error: processing vignette 'Getting_Started.Rmd' failed with diagnostics:
    invalid 'path' argument
    --- failed re-building ‘Getting_Started.Rmd’
    
    SUMMARY: processing the following file failed:
     ‘Getting_Started.Rmd’
    
    Error: Vignette re-building failed.
    Execution halted
Flavors: r-release-macos-x86_64, r-oldrel-macos-x86_64