CRAN Package Check Results for Package StatMeasures

Last updated on 2021-12-05 07:49:25 CET.

Flavor Version Tinstall Tcheck Ttotal Status Flags
r-devel-linux-x86_64-debian-clang 1.0 3.03 38.01 41.04 NOTE
r-devel-linux-x86_64-debian-gcc 1.0 1.84 29.50 31.34 NOTE
r-devel-linux-x86_64-fedora-clang 1.0 54.27 NOTE
r-devel-linux-x86_64-fedora-gcc 1.0 39.83 NOTE
r-devel-windows-x86_64-new-UL 1.0 10.00 66.00 76.00 NOTE
r-devel-windows-x86_64-new-TK 1.0 NOTE
r-devel-windows-x86_64-old 1.0 7.00 35.00 42.00 NOTE
r-patched-linux-x86_64 1.0 3.33 28.10 31.43 NOTE
r-release-linux-x86_64 1.0 2.86 36.27 39.13 NOTE
r-release-macos-arm64 1.0 NOTE
r-release-macos-x86_64 1.0 NOTE
r-release-windows-ix86+x86_64 1.0 7.00 45.00 52.00 NOTE
r-oldrel-macos-x86_64 1.0 NOTE
r-oldrel-windows-ix86+x86_64 1.0 7.00 47.00 54.00 NOTE

Check Details

Version: 1.0
Check: R code for possible problems
Result: NOTE
    actvspred: no visible global function definition for 'quantile'
    actvspred: no visible global function definition for 'aggregate'
    actvspred: no visible global function definition for 'par'
    actvspred: no visible global function definition for 'lines'
    auc: no visible global function definition for 'par'
    decile: no visible global function definition for 'quantile'
    dqcontinuous : numoutliers: no visible global function definition for
     'quantile'
    dqcontinuous : <anonymous>: no visible global function definition for
     'sd'
    dqcontinuous : <anonymous>: no visible global function definition for
     'quantile'
    gini: no visible global function definition for 'par'
    gini: no visible global function definition for 'abline'
    iv: no visible global function definition for 'quantile'
    iv: no visible global function definition for 'aggregate'
    ks: no visible global function definition for 'aggregate'
    ks: no visible global function definition for 'par'
    ks: no visible global function definition for 'lines'
    outliers: no visible global function definition for 'quantile'
    outliers: no visible global function definition for 'na.omit'
    pentile: no visible global function definition for 'quantile'
    Undefined global functions or variables:
     abline aggregate lines na.omit par quantile sd
    Consider adding
     importFrom("graphics", "abline", "lines", "par")
     importFrom("stats", "aggregate", "na.omit", "quantile", "sd")
    to your NAMESPACE file.
Flavors: r-devel-linux-x86_64-debian-clang, r-devel-linux-x86_64-debian-gcc, r-devel-linux-x86_64-fedora-clang, r-devel-linux-x86_64-fedora-gcc, r-devel-windows-x86_64-new-UL, r-devel-windows-x86_64-new-TK, r-devel-windows-x86_64-old, r-patched-linux-x86_64, r-release-linux-x86_64, r-release-macos-arm64, r-release-macos-x86_64, r-release-windows-ix86+x86_64, r-oldrel-macos-x86_64, r-oldrel-windows-ix86+x86_64