CRAN Package Check Results for Package SpatialRDD

Last updated on 2024-02-25 07:50:01 CET.

Flavor Version Tinstall Tcheck Ttotal Status Flags
r-devel-linux-x86_64-debian-clang 0.1.0 2.88 55.02 57.90 OK
r-devel-linux-x86_64-debian-gcc 0.1.0 3.07 42.98 46.05 OK
r-devel-linux-x86_64-fedora-clang 0.1.0 78.32 NOTE
r-devel-linux-x86_64-fedora-gcc 0.1.0 290.98 NOTE
r-devel-windows-x86_64 0.1.0 6.00 70.00 76.00 OK
r-patched-linux-x86_64 0.1.0 3.59 53.28 56.87 OK
r-release-linux-x86_64 0.1.0 2.95 53.16 56.11 OK
r-release-macos-arm64 0.1.0 75.00 OK
r-release-macos-x86_64 0.1.0 191.00 OK
r-release-windows-x86_64 0.1.0 6.00 76.00 82.00 OK
r-oldrel-macos-arm64 0.1.0 67.00 OK
r-oldrel-windows-x86_64 0.1.0 7.00 76.00 83.00 OK

Check Details

Version: 0.1.0
Check: data for non-ASCII characters
Result: NOTE Note: found 3 marked UTF-8 strings Flavors: r-devel-linux-x86_64-fedora-clang, r-devel-linux-x86_64-fedora-gcc