CRAN Package Check Results for Package SpatialDDLS

Last updated on 2024-03-01 19:49:12 CET.

Flavor Version Tinstall Tcheck Ttotal Status Flags
r-devel-linux-x86_64-debian-clang 1.0.0 46.97 554.98 601.95 OK
r-devel-linux-x86_64-debian-gcc 1.0.0 40.17 410.26 450.43 OK
r-devel-linux-x86_64-fedora-clang 1.0.0 744.21 OK
r-devel-linux-x86_64-fedora-gcc 1.0.0 737.07 OK
r-devel-windows-x86_64 1.0.0 52.00 518.00 570.00 OK
r-patched-linux-x86_64 1.0.0 53.73 528.00 581.73 OK
r-release-linux-x86_64 1.0.0 41.78 532.35 574.13 OK
r-release-macos-arm64 1.0.0 9.00 ERROR
r-release-macos-x86_64 1.0.0 7.00 ERROR
r-release-windows-x86_64 1.0.0 65.00 591.00 656.00 OK
r-oldrel-macos-arm64 1.0.0 11.00 ERROR
r-oldrel-windows-x86_64 1.0.0 56.00 506.00 562.00 OK

Check Details

Version: 1.0.0
Check: package dependencies
Result: ERROR Package required but not available: ‘SpatialExperiment’ Packages suggested but not available for checking: 'rhdf5', 'HDF5Array' See section ‘The DESCRIPTION file’ in the ‘Writing R Extensions’ manual. Flavors: r-release-macos-arm64, r-release-macos-x86_64

Version: 1.0.0
Check: package dependencies
Result: ERROR Packages required but not available: 'SpatialExperiment', 'zinbwave', 'scran' Package suggested but not available for checking: ‘bluster’ See section ‘The DESCRIPTION file’ in the ‘Writing R Extensions’ manual. Flavor: r-oldrel-macos-arm64