CRAN Package Check Results for Package SpatialBall

Last updated on 2019-12-07 08:49:44 CET.

Flavor Version Tinstall Tcheck Ttotal Status Flags
r-devel-linux-x86_64-debian-clang 0.1.0 11.72 72.30 84.02 NOTE
r-devel-linux-x86_64-debian-gcc 0.1.0 10.87 56.99 67.86 NOTE
r-devel-linux-x86_64-fedora-clang 0.1.0 101.05 NOTE
r-devel-linux-x86_64-fedora-gcc 0.1.0 100.30 NOTE
r-devel-windows-ix86+x86_64 0.1.0 22.00 124.00 146.00 NOTE
r-devel-windows-ix86+x86_64-gcc8 0.1.0 25.00 95.00 120.00 NOTE
r-patched-linux-x86_64 0.1.0 12.67 65.81 78.48 OK
r-patched-solaris-x86 0.1.0 169.30 NOTE
r-release-linux-x86_64 0.1.0 10.95 65.78 76.73 OK
r-release-windows-ix86+x86_64 0.1.0 21.00 77.00 98.00 OK
r-release-osx-x86_64 0.1.0 NOTE
r-oldrel-windows-ix86+x86_64 0.1.0 14.00 88.00 102.00 OK
r-oldrel-osx-x86_64 0.1.0 NOTE

Check Details

Version: 0.1.0
Check: package vignettes
Result: NOTE
    Package vignette with placeholder title 'Vignette Title':
     'Starting.Rmd'
Flavors: r-devel-linux-x86_64-debian-clang, r-devel-linux-x86_64-debian-gcc, r-devel-windows-ix86+x86_64, r-devel-windows-ix86+x86_64-gcc8

Version: 0.1.0
Check: dependencies in R code
Result: NOTE
    Namespace in Imports field not imported from: ‘lubridate’
     All declared Imports should be used.
Flavors: r-devel-linux-x86_64-fedora-clang, r-devel-linux-x86_64-fedora-gcc, r-patched-solaris-x86, r-release-osx-x86_64, r-oldrel-osx-x86_64