CRAN Package Check Results for Package SpatialBall

Last updated on 2019-08-21 10:47:39 CEST.

Flavor Version Tinstall Tcheck Ttotal Status Flags
r-devel-linux-x86_64-debian-clang 0.1.0 10.91 68.81 79.72 NOTE
r-devel-linux-x86_64-debian-gcc 0.1.0 10.47 54.17 64.64 NOTE
r-devel-linux-x86_64-fedora-clang 0.1.0 101.83 NOTE
r-devel-linux-x86_64-fedora-gcc 0.1.0 100.64 NOTE
r-devel-windows-ix86+x86_64 0.1.0 30.00 117.00 147.00 NOTE
r-patched-linux-x86_64 0.1.0 12.00 66.46 78.46 OK
r-patched-solaris-x86 0.1.0 167.40 NOTE
r-release-linux-x86_64 0.1.0 11.50 66.23 77.73 OK
r-release-windows-ix86+x86_64 0.1.0 20.00 78.00 98.00 OK
r-release-osx-x86_64 0.1.0 NOTE
r-oldrel-windows-ix86+x86_64 0.1.0 24.00 114.00 138.00 OK
r-oldrel-osx-x86_64 0.1.0 NOTE

Check Details

Version: 0.1.0
Check: package vignettes
Result: NOTE
    Package vignette with placeholder title 'Vignette Title':
     'Starting.Rmd'
Flavors: r-devel-linux-x86_64-debian-clang, r-devel-linux-x86_64-debian-gcc, r-devel-windows-ix86+x86_64

Version: 0.1.0
Check: dependencies in R code
Result: NOTE
    Namespace in Imports field not imported from: ‘lubridate’
     All declared Imports should be used.
Flavors: r-devel-linux-x86_64-fedora-clang, r-devel-linux-x86_64-fedora-gcc, r-patched-solaris-x86, r-release-osx-x86_64, r-oldrel-osx-x86_64