CRAN Package Check Results for Package SparseBiplots

Last updated on 2024-02-26 19:50:23 CET.

Flavor Version Tinstall Tcheck Ttotal Status Flags
r-devel-linux-x86_64-debian-clang 4.0.1 11.12 96.25 107.37 OK
r-devel-linux-x86_64-debian-gcc 4.0.1 8.23 71.83 80.06 OK
r-devel-linux-x86_64-fedora-clang 4.0.1 131.93 NOTE
r-devel-linux-x86_64-fedora-gcc 4.0.1 123.67 NOTE
r-devel-windows-x86_64 4.0.1 10.00 82.00 92.00 OK
r-patched-linux-x86_64 4.0.1 12.67 93.95 106.62 OK
r-release-linux-x86_64 4.0.1 6.53 93.44 99.97 OK
r-release-macos-arm64 4.0.1 45.00 OK
r-release-macos-x86_64 4.0.1 82.00 OK
r-release-windows-x86_64 4.0.1 13.00 100.00 113.00 OK
r-oldrel-macos-arm64 4.0.1 38.00 NOTE
r-oldrel-windows-x86_64 4.0.1 14.00 104.00 118.00 OK

Check Details

Version: 4.0.1
Check: dependencies in R code
Result: NOTE Namespaces in Imports field not imported from: ‘gtable’ ‘rlang’ ‘testthat’ All declared Imports should be used. Flavors: r-devel-linux-x86_64-fedora-clang, r-devel-linux-x86_64-fedora-gcc, r-oldrel-macos-arm64