CRAN Package Check Results for Package SpaCCr

Last updated on 2019-08-23 10:48:25 CEST.

Flavor Version Tinstall Tcheck Ttotal Status Flags
r-devel-linux-x86_64-debian-clang 0.1.0 26.28 55.78 82.06 OK
r-devel-linux-x86_64-debian-gcc 0.1.0 21.46 43.13 64.59 OK
r-devel-linux-x86_64-fedora-clang 0.1.0 110.46 NOTE
r-devel-linux-x86_64-fedora-gcc 0.1.0 105.66 NOTE
r-devel-windows-ix86+x86_64 0.1.0 52.00 156.00 208.00 OK
r-patched-linux-x86_64 0.1.0 26.54 53.61 80.15 OK
r-patched-solaris-x86 0.1.0 130.60 OK
r-release-linux-x86_64 0.1.0 23.74 53.67 77.41 OK
r-release-windows-ix86+x86_64 0.1.0 76.00 167.00 243.00 OK
r-release-osx-x86_64 0.1.0 OK
r-oldrel-windows-ix86+x86_64 0.1.0 79.00 153.00 232.00 OK
r-oldrel-osx-x86_64 0.1.0 OK

Check Details

Version: 0.1.0
Check: compiled code
Result: NOTE
    File ‘SpaCCr/libs/SpaCCr.so’:
     Found no calls to: ‘R_registerRoutines’, ‘R_useDynamicSymbols’
    
    It is good practice to register native routines and to disable symbol
    search.
    
    See ‘Writing portable packages’ in the ‘Writing R Extensions’ manual.
Flavors: r-devel-linux-x86_64-fedora-clang, r-devel-linux-x86_64-fedora-gcc