CRAN Package Check Results for Package SpaCCr

Last updated on 2020-01-25 08:50:15 CET.

Flavor Version Tinstall Tcheck Ttotal Status Flags
r-devel-linux-x86_64-debian-clang 0.1.0 31.15 64.75 95.90 OK
r-devel-linux-x86_64-debian-gcc 0.1.0 21.91 49.22 71.13 OK
r-devel-linux-x86_64-fedora-clang 0.1.0 121.33 NOTE
r-devel-linux-x86_64-fedora-gcc 0.1.0 116.10 NOTE
r-devel-windows-ix86+x86_64 0.1.0 83.00 176.00 259.00 OK
r-devel-windows-ix86+x86_64-gcc8 0.1.0 97.00 130.00 227.00 OK
r-patched-linux-x86_64 0.1.0 23.17 55.52 78.69 OK
r-patched-solaris-x86 0.1.0 131.80 OK
r-release-linux-x86_64 0.1.0 23.68 55.18 78.86 OK
r-release-windows-ix86+x86_64 0.1.0 58.00 150.00 208.00 OK
r-release-osx-x86_64 0.1.0 OK
r-oldrel-windows-ix86+x86_64 0.1.0 49.00 105.00 154.00 OK
r-oldrel-osx-x86_64 0.1.0 OK

Check Details

Version: 0.1.0
Check: compiled code
Result: NOTE
    File ‘SpaCCr/libs/SpaCCr.so’:
     Found no calls to: ‘R_registerRoutines’, ‘R_useDynamicSymbols’
    
    It is good practice to register native routines and to disable symbol
    search.
    
    See ‘Writing portable packages’ in the ‘Writing R Extensions’ manual.
Flavors: r-devel-linux-x86_64-fedora-clang, r-devel-linux-x86_64-fedora-gcc