CRAN Package Check Results for Package SolveRationalMatrixEquation

Last updated on 2021-12-05 07:49:24 CET.

Flavor Version Tinstall Tcheck Ttotal Status Flags
r-devel-linux-x86_64-debian-clang 0.1.0 1.93 29.45 31.38 NOTE
r-devel-linux-x86_64-debian-gcc 0.1.0 1.55 23.98 25.53 NOTE
r-devel-linux-x86_64-fedora-clang 0.1.0 39.55 OK
r-devel-linux-x86_64-fedora-gcc 0.1.0 28.55 OK
r-devel-windows-x86_64-new-UL 0.1.0 7.00 58.00 65.00 NOTE
r-devel-windows-x86_64-new-TK 0.1.0 OK
r-devel-windows-x86_64-old 0.1.0 4.00 32.00 36.00 NOTE
r-patched-linux-x86_64 0.1.0 1.89 20.53 22.42 NOTE
r-release-linux-x86_64 0.1.0 1.76 28.28 30.04 NOTE
r-release-macos-arm64 0.1.0 OK
r-release-macos-x86_64 0.1.0 OK
r-release-windows-ix86+x86_64 0.1.0 5.00 37.00 42.00 NOTE
r-oldrel-macos-x86_64 0.1.0 OK
r-oldrel-windows-ix86+x86_64 0.1.0 5.00 42.00 47.00 NOTE

Check Details

Version: 0.1.0
Check: package vignettes
Result: NOTE
    Package vignette with placeholder title 'Vignette Title':
     'SolveRationalMatrixEquation.Rmd'
Flavors: r-devel-linux-x86_64-debian-clang, r-devel-linux-x86_64-debian-gcc, r-devel-windows-x86_64-new-UL, r-devel-windows-x86_64-old, r-patched-linux-x86_64, r-release-linux-x86_64, r-release-windows-ix86+x86_64, r-oldrel-windows-ix86+x86_64