CRAN Package Check Results for Package SmartEDA

Last updated on 2020-05-29 10:47:34 CEST.

Flavor Version Tinstall Tcheck Ttotal Status Flags
r-devel-linux-x86_64-debian-clang 0.3.5 8.61 115.42 124.03 OK
r-devel-linux-x86_64-debian-gcc 0.3.5 6.19 97.41 103.60 OK
r-devel-linux-x86_64-fedora-clang 0.3.5 138.23 OK
r-devel-linux-x86_64-fedora-gcc 0.3.5 134.80 OK
r-devel-windows-ix86+x86_64 0.3.5 23.00 154.00 177.00 OK
r-patched-linux-x86_64 0.3.5 8.78 109.26 118.04 OK
r-patched-solaris-x86 0.3.5 145.30 WARN
r-release-linux-x86_64 0.3.5 8.40 108.18 116.58 OK
r-release-osx-x86_64 0.3.5 OK
r-release-windows-ix86+x86_64 0.3.5 19.00 128.00 147.00 OK
r-oldrel-osx-x86_64 0.3.5 WARN
r-oldrel-windows-ix86+x86_64 0.3.5 15.00 121.00 136.00 OK

Check Details

Version: 0.3.5
Check: re-building of vignette outputs
Result: WARN
    Error(s) in re-building vignettes:
     ...
    --- re-building ‘CustomTable.Rmd’ using rmarkdown
    Warning in engine$weave(file, quiet = quiet, encoding = enc) :
     Pandoc (>= 1.12.3) and/or pandoc-citeproc not available. Falling back to R Markdown v1.
    --- finished re-building ‘CustomTable.Rmd’
    
    --- re-building ‘SmartEDA.Rmd’ using rmarkdown
    Warning in engine$weave(file, quiet = quiet, encoding = enc) :
     Pandoc (>= 1.12.3) and/or pandoc-citeproc not available. Falling back to R Markdown v1.
    Quitting from lines 135-136 (SmartEDA.Rmd)
    Error: processing vignette 'SmartEDA.Rmd' failed with diagnostics:
    unused argument (options = list(TRUE, FALSE, "markup", FALSE, NULL, FALSE, FALSE, "##", TRUE, TRUE, "normalsize", "#F7F7F7", 0, "cache/", NULL, TRUE, NULL, FALSE, FALSE, "high", "asis", "default", "figure/", "png", NULL, 72, "png", 7, 7, "figure", NULL, NULL, "fig:", NULL, "", NULL, NULL, NULL, 1, TRUE, FALSE, 1, "controls,loop", FALSE, FALSE, TRUE, list(c("Advertising", "Age", "CompPrice", "Education", "Income", "Population", "Price", "Sales"), c("All", "All", "All", "All", "All", "All", "All", "All"),
     c(400, 400, 400, 400, 400, 400, 400, 400), c(0, 0, 0, 0, 0, 0, 0, 0), c(144, 0, 0, 0, 0, 0, 0, 1), c(256, 400, 400, 400, 400, 400, 400, 399), c(0, 0, 0, 0, 0, 0, 0, 0), c(0, 0, 0, 0, 0, 0, 0, 0), c(0, 0, 0, 0, 0, 0, 0, 0), c(0, 0, 0, 0, 0, 0, 0, 0), c(2654, 21329, 49990, 5560, 27463, 105936, 46318, 2998.53), c(0, 25, 77, 10, 21, 10, 24, 0), c(29, 80, 175, 18, 120, 509, 191, 16.27), c(6.64, 53.32, 124.97, 13.9, 68.66, 264.84, 115.8, 7.5), c(5, 54.5, 125, 14, 69, 272, 117, 7.49), c(6.65, 16.2,
     15.33, 2.62, 27.99, 147.38, 23.68, 2.82), c(1, 0.3, 0.12, 0.19, 0.41, 0.56, 0.2, 0.38), c(12, 26.25, 20, 4, 48.25, 259.5, 31, 3.93), c(0.64, -0.08, -0.04, 0.04, 0.05, -0.05, -0.12, 0.18), c(-0.55, -1.14, 0.03, -1.3, -1.09, -1.2, 0.43, -0.1), c(0, 25, 77, 10, 21, 10, 24, 0), c(0, 30, 106, 10, 30, 58.9, 87, 4.12), c(0, 36, 112.8, 11, 39, 110.4, 96.8, 5.07), c(0, 43, 117, 12, 48, 160, 104, 5.87), c(2, 48.6, 121, 13, 62, 218.6, 110, 6.61), c(5, 54.5, 125, 14, 69, 272, 117, 7.49), c(8.4, 60, 130,
     15, 77, 317.8, 122, 8.08), c(11, 64, 133, 16, 84.6, 366, 128.3, 8.82), c(13, 70, 137.2, 17, 96.2, 412.2, 134, 9.76), c(16, 76, 145, 17.1, 107, 467, 146, 11.3), c(29, 80, 175, 18, 120, 509, 191, 16.27), c(-18, 0.38, 85, 6, -29.62, -250.25, 53.5, -0.5), c(30, 105.38, 165, 22, 163.38, 787.75, 177.5, 15.21), c(0, 0, 2, 0, 0, 0, 5, 2)), NULL, NULL, "R", FALSE, TRUE, TRUE, "c1.12", 504, 504, "paged_table(ec1)", "c1.12,warning=FALSE,eval=T,render=ec1,echo=F"))
    --- failed re-building ‘SmartEDA.Rmd’
    
    SUMMARY: processing the following file failed:
     ‘SmartEDA.Rmd’
    
    Error: Vignette re-building failed.
    Execution halted
Flavor: r-patched-solaris-x86

Version: 0.3.5
Check: re-building of vignette outputs
Result: WARN
    Error(s) in re-building vignettes:
     ...
    --- re-building ‘CustomTable.Rmd’ using rmarkdown
    Warning in engine$weave(file, quiet = quiet, encoding = enc) :
     Pandoc (>= 1.12.3) and/or pandoc-citeproc not available. Falling back to R Markdown v1.
    --- finished re-building ‘CustomTable.Rmd’
    
    --- re-building ‘SmartEDA.Rmd’ using rmarkdown
    Warning in engine$weave(file, quiet = quiet, encoding = enc) :
     Pandoc (>= 1.12.3) and/or pandoc-citeproc not available. Falling back to R Markdown v1.
    Quitting from lines 135-136 (SmartEDA.Rmd)
    Error: processing vignette 'SmartEDA.Rmd' failed with diagnostics:
    unused argument (options = options)
    --- failed re-building ‘SmartEDA.Rmd’
    
    SUMMARY: processing the following file failed:
     ‘SmartEDA.Rmd’
    
    Error: Vignette re-building failed.
    Execution halted
Flavor: r-oldrel-osx-x86_64