CRAN Package Check Results for Package SmCCNet

Last updated on 2020-07-14 09:50:50 CEST.

Flavor Version Tinstall Tcheck Ttotal Status Flags
r-devel-linux-x86_64-debian-clang 0.99.0 4.67 32.74 37.41 OK
r-devel-linux-x86_64-debian-gcc 0.99.0 4.00 25.34 29.34 OK
r-devel-linux-x86_64-fedora-clang 0.99.0 55.34 OK
r-devel-linux-x86_64-fedora-gcc 0.99.0 45.63 OK
r-devel-windows-ix86+x86_64 0.99.0 11.00 58.00 69.00 OK
r-patched-linux-x86_64 0.99.0 4.14 31.68 35.82 OK
r-patched-solaris-x86 0.99.0 66.80 OK
r-release-linux-x86_64 0.99.0 5.18 31.66 36.84 OK
r-release-macos-x86_64 0.99.0 ERROR
r-release-windows-ix86+x86_64 0.99.0 10.00 43.00 53.00 OK
r-oldrel-macos-x86_64 0.99.0 OK
r-oldrel-windows-ix86+x86_64 0.99.0 10.00 55.00 65.00 OK

Check Details

Version: 0.99.0
Check: whether package can be installed
Result: ERROR
    Installation failed.
Flavor: r-release-macos-x86_64