Last updated on 2023-03-23 07:54:41 CET.
Flavor | Version | Tinstall | Tcheck | Ttotal | Status | Flags |
---|---|---|---|---|---|---|
r-devel-linux-x86_64-debian-clang | 1.0-3 | 6.39 | 292.36 | 298.75 | OK | |
r-devel-linux-x86_64-debian-gcc | 1.0-3 | 4.50 | 224.12 | 228.62 | OK | |
r-devel-linux-x86_64-fedora-clang | 1.0-3 | 386.77 | NOTE | |||
r-devel-linux-x86_64-fedora-gcc | 1.0-3 | 396.10 | OK | |||
r-devel-windows-x86_64 | 1.0-3 | 133.00 | 611.00 | 744.00 | NOTE | |
r-patched-linux-x86_64 | 1.0-3 | 8.11 | 275.00 | 283.11 | OK | |
r-release-linux-x86_64 | 1.0-3 | 3.99 | 275.51 | 279.50 | OK | |
r-release-macos-arm64 | 1.0-3 | 97.00 | NOTE | |||
r-release-macos-x86_64 | 1.0-3 | 130.00 | NOTE | |||
r-release-windows-x86_64 | 1.0-3 | 126.00 | 707.00 | 833.00 | NOTE | |
r-oldrel-macos-arm64 | 1.0-3 | 142.00 | NOTE | |||
r-oldrel-macos-x86_64 | 1.0-3 | 255.00 | NOTE | |||
r-oldrel-windows-ix86+x86_64 | 1.0-3 | 12.00 | 461.00 | 473.00 | NOTE |
Version: 1.0-3
Check: installed package size
Result: NOTE
installed size is 5.1Mb
sub-directories of 1Mb or more:
doc 3.7Mb
Flavors: r-devel-linux-x86_64-fedora-clang, r-devel-windows-x86_64, r-release-macos-arm64, r-release-macos-x86_64, r-release-windows-x86_64, r-oldrel-macos-arm64, r-oldrel-macos-x86_64, r-oldrel-windows-ix86+x86_64