CRAN Package Check Results for Package Sleuth3

Last updated on 2021-09-23 08:51:22 CEST.

Flavor Version Tinstall Tcheck Ttotal Status Flags
r-devel-linux-x86_64-debian-clang 1.0-3 6.15 241.37 247.52 OK
r-devel-linux-x86_64-debian-gcc 1.0-3 4.77 177.67 182.44 OK
r-devel-linux-x86_64-fedora-clang 1.0-3 287.77 NOTE
r-devel-linux-x86_64-fedora-gcc 1.0-3 276.27 OK
r-devel-windows-x86_64 1.0-3 9.00 274.00 283.00 NOTE
r-devel-windows-x86_64-gcc10-UCRT 1.0-3 ERROR
r-patched-linux-x86_64 1.0-3 7.63 272.92 280.55 OK
r-patched-solaris-x86 1.0-3 436.60 NOTE
r-release-linux-x86_64 1.0-3 4.93 270.94 275.87 OK
r-release-macos-arm64 1.0-3 NOTE
r-release-macos-x86_64 1.0-3 NOTE
r-release-windows-ix86+x86_64 1.0-3 12.00 431.00 443.00 NOTE
r-oldrel-macos-x86_64 1.0-3 NOTE
r-oldrel-windows-ix86+x86_64 1.0-3 29.00 329.00 358.00 NOTE

Check Details

Version: 1.0-3
Check: installed package size
Result: NOTE
     installed size is 5.1Mb
     sub-directories of 1Mb or more:
     doc 3.7Mb
Flavors: r-devel-linux-x86_64-fedora-clang, r-devel-windows-x86_64, r-patched-solaris-x86, r-release-macos-arm64, r-release-macos-x86_64, r-release-windows-ix86+x86_64, r-oldrel-macos-x86_64, r-oldrel-windows-ix86+x86_64

Version: 1.0-3
Check: package dependencies
Result: NOTE
    Packages suggested but not available for checking: 'Hmisc', 'mosaic'
Flavor: r-devel-windows-x86_64-gcc10-UCRT

Version: 1.0-3
Check: re-building of vignette outputs
Result: WARN
    Error(s) in re-building vignettes:
    --- re-building 'chapter01-HortonMosaic.Rnw' using knitr
    Loading required package: mosaic
    Loading required package: Sleuth3
    Quitting from lines 130-145 (chapter01-HortonMosaic.Rnw)
    Error: processing vignette 'chapter01-HortonMosaic.Rnw' failed with diagnostics:
    could not find function "trellis.par.set"
    --- failed re-building 'chapter01-HortonMosaic.Rnw'
    
    --- re-building 'chapter02-HortonMosaic.Rnw' using knitr
    Loading required package: mosaic
    Quitting from lines 131-146 (chapter02-HortonMosaic.Rnw)
    Error: processing vignette 'chapter02-HortonMosaic.Rnw' failed with diagnostics:
    could not find function "trellis.par.set"
    --- failed re-building 'chapter02-HortonMosaic.Rnw'
    
    --- re-building 'chapter03-HortonMosaic.Rnw' using knitr
    Loading required package: mosaic
    Quitting from lines 131-146 (chapter03-HortonMosaic.Rnw)
    Error: processing vignette 'chapter03-HortonMosaic.Rnw' failed with diagnostics:
    could not find function "trellis.par.set"
    --- failed re-building 'chapter03-HortonMosaic.Rnw'
    
    --- re-building 'chapter04-HortonMosaic.Rnw' using knitr
    Loading required package: mosaic
    Quitting from lines 131-146 (chapter04-HortonMosaic.Rnw)
    Error: processing vignette 'chapter04-HortonMosaic.Rnw' failed with diagnostics:
    could not find function "trellis.par.set"
    --- failed re-building 'chapter04-HortonMosaic.Rnw'
    
    --- re-building 'chapter05-HortonMosaic.Rnw' using knitr
    Loading required package: mosaic
    Quitting from lines 131-146 (chapter05-HortonMosaic.Rnw)
    Error: processing vignette 'chapter05-HortonMosaic.Rnw' failed with diagnostics:
    could not find function "trellis.par.set"
    --- failed re-building 'chapter05-HortonMosaic.Rnw'
    
    --- re-building 'chapter06-HortonMosaic.Rnw' using knitr
    Loading required package: mosaic
    Quitting from lines 131-146 (chapter06-HortonMosaic.Rnw)
    Error: processing vignette 'chapter06-HortonMosaic.Rnw' failed with diagnostics:
    could not find function "trellis.par.set"
    --- failed re-building 'chapter06-HortonMosaic.Rnw'
    
    --- re-building 'chapter07-HortonMosaic.Rnw' using knitr
    Loading required package: mosaic
    Quitting from lines 107-135 (chapter07-HortonMosaic.Rnw)
    Error: processing vignette 'chapter07-HortonMosaic.Rnw' failed with diagnostics:
    could not find function "trellis.par.set"
    --- failed re-building 'chapter07-HortonMosaic.Rnw'
    
    --- re-building 'chapter08-HortonMosaic.Rnw' using knitr
    Loading required package: mosaic
    Quitting from lines 133-148 (chapter08-HortonMosaic.Rnw)
    Error: processing vignette 'chapter08-HortonMosaic.Rnw' failed with diagnostics:
    could not find function "trellis.par.set"
    --- failed re-building 'chapter08-HortonMosaic.Rnw'
    
    --- re-building 'chapter09-HortonMosaic.Rnw' using knitr
    Loading required package: mosaic
    Quitting from lines 131-146 (chapter09-HortonMosaic.Rnw)
    Error: processing vignette 'chapter09-HortonMosaic.Rnw' failed with diagnostics:
    could not find function "trellis.par.set"
    --- failed re-building 'chapter09-HortonMosaic.Rnw'
    
    --- re-building 'chapter10-HortonMosaic.Rnw' using knitr
    Loading required package: mosaic
    Quitting from lines 131-146 (chapter10-HortonMosaic.Rnw)
    Error: processing vignette 'chapter10-HortonMosaic.Rnw' failed with diagnostics:
    could not find function "trellis.par.set"
    --- failed re-building 'chapter10-HortonMosaic.Rnw'
    
    --- re-building 'chapter11-HortonMosaic.Rnw' using knitr
    Loading required package: mosaic
    Quitting from lines 131-146 (chapter11-HortonMosaic.Rnw)
    Error: processing vignette 'chapter11-HortonMosaic.Rnw' failed with diagnostics:
    could not find function "trellis.par.set"
    --- failed re-building 'chapter11-HortonMosaic.Rnw'
    
    --- re-building 'chapter12-HortonMosaic.Rnw' using knitr
    Loading required package: mosaic
    Loading required package: MASS
    Quitting from lines 104-133 (chapter12-HortonMosaic.Rnw)
    Error: processing vignette 'chapter12-HortonMosaic.Rnw' failed with diagnostics:
    could not find function "trellis.par.set"
    --- failed re-building 'chapter12-HortonMosaic.Rnw'
    
    --- re-building 'chapter13-HortonMosaic.Rnw' using knitr
    Loading required package: mosaic
    Quitting from lines 131-146 (chapter13-HortonMosaic.Rnw)
    Error: processing vignette 'chapter13-HortonMosaic.Rnw' failed with diagnostics:
    could not find function "trellis.par.set"
    --- failed re-building 'chapter13-HortonMosaic.Rnw'
    
    SUMMARY: processing the following files failed:
     'chapter01-HortonMosaic.Rnw' 'chapter02-HortonMosaic.Rnw'
     'chapter03-HortonMosaic.Rnw' 'chapter04-HortonMosaic.Rnw'
     'chapter05-HortonMosaic.Rnw' 'chapter06-HortonMosaic.Rnw'
     'chapter07-HortonMosaic.Rnw' 'chapter08-HortonMosaic.Rnw'
     'chapter09-HortonMosaic.Rnw' 'chapter10-HortonMosaic.Rnw'
     'chapter11-HortonMosaic.Rnw' 'chapter12-HortonMosaic.Rnw'
     'chapter13-HortonMosaic.Rnw'
    
    Error: Vignette re-building failed.
    Execution halted
Flavor: r-devel-windows-x86_64-gcc10-UCRT

Version: 1.0-3
Check: PDF version of manual
Result: WARN
    LaTeX errors when creating PDF version.
    This typically indicates Rd problems.
Flavor: r-devel-windows-x86_64-gcc10-UCRT

Version: 1.0-3
Check: PDF version of manual without hyperrefs or index
Result: ERROR
    Re-running with no redirection of stdout/stderr.
Flavor: r-devel-windows-x86_64-gcc10-UCRT