Last updated on 2023-03-30 20:49:25 CEST.
Flavor | Version | Tinstall | Tcheck | Ttotal | Status | Flags |
---|---|---|---|---|---|---|
r-devel-linux-x86_64-debian-clang | 2.0-5 | 4.39 | 267.49 | 271.88 | NOTE | |
r-devel-linux-x86_64-debian-gcc | 2.0-5 | 3.78 | 203.38 | 207.16 | NOTE | |
r-devel-linux-x86_64-fedora-clang | 2.0-5 | 339.66 | NOTE | |||
r-devel-linux-x86_64-fedora-gcc | 2.0-5 | 358.20 | NOTE | |||
r-devel-windows-x86_64 | 2.0-5 | 89.00 | 0.00 | 89.00 | NOTE | |
r-patched-linux-x86_64 | 2.0-5 | 7.02 | 255.92 | 262.94 | NOTE | |
r-release-linux-x86_64 | 2.0-5 | 3.32 | 253.56 | 256.88 | OK | |
r-release-macos-arm64 | 2.0-5 | 89.00 | OK | |||
r-release-macos-x86_64 | 2.0-5 | 119.00 | OK | |||
r-release-windows-x86_64 | 2.0-5 | 96.00 | 573.00 | 669.00 | OK | |
r-oldrel-macos-arm64 | 2.0-5 | 137.00 | OK | |||
r-oldrel-macos-x86_64 | 2.0-5 | 239.00 | OK | |||
r-oldrel-windows-ix86+x86_64 | 2.0-5 | 10.00 | 378.00 | 388.00 | OK |
Version: 2.0-5
Check: Rd files
Result: NOTE
checkRd: (-1) ex0723.Rd:29: Escaped LaTeX specials: \&
checkRd: (-1) ex0915.Rd:25: Escaped LaTeX specials: \&
checkRd: (-1) ex1515.Rd:4: Escaped LaTeX specials: \&
Flavors: r-devel-linux-x86_64-debian-clang, r-devel-linux-x86_64-debian-gcc, r-devel-linux-x86_64-fedora-clang, r-devel-linux-x86_64-fedora-gcc, r-devel-windows-x86_64, r-patched-linux-x86_64