Last updated on 2023-09-23 20:53:16 CEST.
Flavor | Version | Tinstall | Tcheck | Ttotal | Status | Flags |
---|---|---|---|---|---|---|
r-devel-linux-x86_64-debian-clang | 1.0.8 | 98.59 | 35.58 | 134.17 | NOTE | |
r-devel-linux-x86_64-debian-gcc | 1.0.8 | 75.77 | 29.63 | 105.40 | NOTE | |
r-devel-linux-x86_64-fedora-clang | 1.0.8 | 212.04 | NOTE | |||
r-devel-linux-x86_64-fedora-gcc | 1.0.8 | 216.48 | NOTE | |||
r-devel-windows-x86_64 | 1.0.8 | 69.00 | 69.00 | 138.00 | NOTE | |
r-patched-linux-x86_64 | 1.0.8 | 96.62 | 34.99 | 131.61 | NOTE | |
r-release-linux-x86_64 | 1.0.8 | 106.54 | 35.34 | 141.88 | NOTE | |
r-release-macos-arm64 | 1.0.8 | 54.00 | NOTE | |||
r-release-macos-x86_64 | 1.0.8 | 89.00 | NOTE | |||
r-release-windows-x86_64 | 1.0.8 | 81.00 | 76.00 | 157.00 | NOTE | |
r-oldrel-macos-arm64 | 1.0.8 | 50.00 | NOTE | |||
r-oldrel-macos-x86_64 | 1.0.8 | 66.00 | NOTE | |||
r-oldrel-windows-x86_64 | 1.0.8 | 106.00 | 77.00 | 183.00 | OK |
Version: 1.0.8
Check: C++ specification
Result: NOTE
Specified C++11: please drop specification unless essential
Flavors: r-devel-linux-x86_64-debian-clang, r-devel-linux-x86_64-debian-gcc, r-devel-linux-x86_64-fedora-clang, r-devel-linux-x86_64-fedora-gcc, r-devel-windows-x86_64, r-patched-linux-x86_64, r-release-linux-x86_64, r-release-macos-arm64, r-release-macos-x86_64, r-release-windows-x86_64
Version: 1.0.8
Check: installed package size
Result: NOTE
installed size is 5.7Mb
sub-directories of 1Mb or more:
libs 5.6Mb
Flavors: r-release-macos-arm64, r-release-macos-x86_64, r-oldrel-macos-arm64, r-oldrel-macos-x86_64