CRAN Package Check Results for Package SimTimeVar

Last updated on 2023-03-30 08:53:51 CEST.

Flavor Version Tinstall Tcheck Ttotal Status Flags
r-devel-linux-x86_64-debian-clang 1.0.0 4.32 37.33 41.65 OK
r-devel-linux-x86_64-debian-gcc 1.0.0 3.44 29.08 32.52 OK
r-devel-linux-x86_64-fedora-clang 1.0.0 52.63 NOTE
r-devel-linux-x86_64-fedora-gcc 1.0.0 49.86 NOTE
r-devel-windows-x86_64 1.0.0 17.00 0.00 17.00 OK
r-patched-linux-x86_64 1.0.0 4.21 36.26 40.47 OK
r-release-linux-x86_64 1.0.0 3.99 38.39 42.38 OK
r-release-macos-arm64 1.0.0 21.00 NOTE
r-release-macos-x86_64 1.0.0 35.00 NOTE
r-release-windows-x86_64 1.0.0 17.00 69.00 86.00 OK
r-oldrel-macos-arm64 1.0.0 40.00 NOTE
r-oldrel-macos-x86_64 1.0.0 44.00 NOTE
r-oldrel-windows-ix86+x86_64 1.0.0 12.00 67.00 79.00 OK

Check Details

Version: 1.0.0
Check: dependencies in R code
Result: NOTE
    Namespace in Imports field not imported from: ‘metafor’
     All declared Imports should be used.
Flavors: r-devel-linux-x86_64-fedora-clang, r-devel-linux-x86_64-fedora-gcc, r-release-macos-arm64, r-release-macos-x86_64, r-oldrel-macos-arm64, r-oldrel-macos-x86_64