CRAN Package Check Results for Package SimSurvNMarker

Last updated on 2024-03-02 19:50:30 CET.

Flavor Version Tinstall Tcheck Ttotal Status Flags
r-devel-linux-x86_64-debian-clang 0.1.3 62.19 40.61 102.80 NOTE
r-devel-linux-x86_64-debian-gcc 0.1.3 50.56 30.72 81.28 NOTE
r-devel-linux-x86_64-fedora-clang 0.1.3 168.85 NOTE
r-devel-linux-x86_64-fedora-gcc 0.1.3 161.61 NOTE
r-devel-windows-x86_64 0.1.3 52.00 83.00 135.00 NOTE
r-patched-linux-x86_64 0.1.3 70.53 39.70 110.23 NOTE
r-release-linux-x86_64 0.1.3 66.28 39.60 105.88 NOTE
r-release-macos-arm64 0.1.3 53.00 NOTE
r-release-macos-x86_64 0.1.3 78.00 NOTE
r-release-windows-x86_64 0.1.3 60.00 91.00 151.00 NOTE
r-oldrel-macos-arm64 0.1.3 40.00 OK
r-oldrel-windows-x86_64 0.1.3 65.00 81.00 146.00 OK

Check Details

Version: 0.1.3
Check: C++ specification
Result: NOTE Specified C++14: please drop specification unless essential Flavors: r-devel-linux-x86_64-debian-clang, r-devel-linux-x86_64-debian-gcc, r-devel-linux-x86_64-fedora-clang, r-devel-linux-x86_64-fedora-gcc, r-devel-windows-x86_64, r-patched-linux-x86_64, r-release-linux-x86_64, r-release-macos-arm64, r-release-macos-x86_64, r-release-windows-x86_64