CRAN Package Check Results for Package SimRepeat

Last updated on 2019-10-21 09:51:26 CEST.

Flavor Version Tinstall Tcheck Ttotal Status Flags
r-devel-linux-x86_64-debian-clang 0.1.0 24.28 270.66 294.94 OK
r-devel-linux-x86_64-debian-gcc 0.1.0 24.03 203.27 227.30 OK
r-devel-linux-x86_64-fedora-clang 0.1.0 347.13 NOTE
r-devel-linux-x86_64-fedora-gcc 0.1.0 329.25 NOTE
r-devel-windows-ix86+x86_64 0.1.0 43.00 263.00 306.00 OK
r-patched-linux-x86_64 0.1.0 20.68 262.08 282.76 OK
r-patched-solaris-x86 0.1.0 462.30 NOTE
r-release-linux-x86_64 0.1.0 23.33 267.50 290.83 OK
r-release-windows-ix86+x86_64 0.1.0 52.00 367.00 419.00 OK
r-release-osx-x86_64 0.1.0 NOTE
r-oldrel-windows-ix86+x86_64 0.1.0 28.00 237.00 265.00 OK
r-oldrel-osx-x86_64 0.1.0 NOTE

Check Details

Version: 0.1.0
Check: dependencies in R code
Result: NOTE
    Namespaces in Imports field not imported from:
     ‘BB’ ‘MASS’ ‘ggplot2’ ‘grid’ ‘triangle’
     All declared Imports should be used.
Flavors: r-devel-linux-x86_64-fedora-clang, r-devel-linux-x86_64-fedora-gcc, r-patched-solaris-x86, r-release-osx-x86_64, r-oldrel-osx-x86_64