CRAN Package Check Results for Package SimRVPedigree

Last updated on 2022-01-26 19:50:46 CET.

Flavor Version Tinstall Tcheck Ttotal Status Flags
r-devel-linux-x86_64-debian-clang 0.4.4 9.19 334.39 343.58 OK
r-devel-linux-x86_64-debian-gcc 0.4.4 7.98 235.53 243.51 OK
r-devel-linux-x86_64-fedora-clang 0.4.4 391.24 NOTE
r-devel-linux-x86_64-fedora-gcc 0.4.4 381.62 NOTE
r-devel-windows-x86_64-new-UL 0.4.4 138.00 334.00 472.00 OK
r-devel-windows-x86_64-new-TK 0.4.4 NOTE
r-patched-linux-x86_64 0.4.4 11.67 301.89 313.56 OK
r-release-linux-x86_64 0.4.4 6.87 314.44 321.31 OK
r-release-macos-arm64 0.4.4 NOTE
r-release-macos-x86_64 0.4.4 NOTE
r-release-windows-ix86+x86_64 0.4.4 19.00 357.00 376.00 OK
r-oldrel-macos-x86_64 0.4.4 NOTE
r-oldrel-windows-ix86+x86_64 0.4.4 19.00 365.00 384.00 OK

Check Details

Version: 0.4.4
Check: dependencies in R code
Result: NOTE
    Namespace in Imports field not imported from: ‘dplyr’
     All declared Imports should be used.
Flavors: r-devel-linux-x86_64-fedora-clang, r-devel-linux-x86_64-fedora-gcc, r-devel-windows-x86_64-new-TK, r-release-macos-arm64, r-release-macos-x86_64, r-oldrel-macos-x86_64