CRAN Package Check Results for Package SimMultiCorrData

Last updated on 2021-01-26 07:50:28 CET.

Flavor Version Tinstall Tcheck Ttotal Status Flags
r-devel-linux-x86_64-debian-clang 0.2.2 30.08 435.64 465.72 OK
r-devel-linux-x86_64-debian-gcc 0.2.2 25.33 312.01 337.34 OK
r-devel-linux-x86_64-fedora-clang 0.2.2 528.39 NOTE
r-devel-linux-x86_64-fedora-gcc 0.2.2 534.67 OK
r-devel-windows-ix86+x86_64 0.2.2 53.00 486.00 539.00 OK
r-patched-linux-x86_64 0.2.2 26.79 402.31 429.10 OK
r-patched-solaris-x86 0.2.2 703.40 OK
r-release-linux-x86_64 0.2.2 27.47 395.72 423.19 OK
r-release-macos-x86_64 0.2.2 OK
r-release-windows-ix86+x86_64 0.2.2 55.00 354.00 409.00 OK
r-oldrel-macos-x86_64 0.2.2 OK
r-oldrel-windows-ix86+x86_64 0.2.2 46.00 466.00 512.00 OK

Check Details

Version: 0.2.2
Check: Rd cross-references
Result: NOTE
    Undeclared packages ‘BinNonNor’, ‘PoisNor’, ‘PoisBinOrdNor’, ‘PoisBinOrdNonNor’ in Rd xrefs
Flavor: r-devel-linux-x86_64-fedora-clang