CRAN Package Check Results for Package SimMultiCorrData

Last updated on 2021-10-16 20:50:58 CEST.

Flavor Version Tinstall Tcheck Ttotal Status Flags
r-devel-linux-x86_64-debian-clang 0.2.2 28.79 404.89 433.68 OK
r-devel-linux-x86_64-debian-gcc 0.2.2 25.51 299.33 324.84 OK
r-devel-linux-x86_64-fedora-clang 0.2.2 516.59 NOTE
r-devel-linux-x86_64-fedora-gcc 0.2.2 505.05 OK
r-devel-windows-x86_64 0.2.2 48.00 355.00 403.00 OK
r-devel-windows-x86_64-gcc10-UCRT 0.2.2 OK
r-patched-linux-x86_64 0.2.2 29.01 417.64 446.65 OK
r-patched-solaris-x86 0.2.2 314.00 OK
r-release-linux-x86_64 0.2.2 26.94 414.57 441.51 OK
r-release-macos-arm64 0.2.2 OK
r-release-macos-x86_64 0.2.2 OK
r-release-windows-ix86+x86_64 0.2.2 57.00 513.00 570.00 OK
r-oldrel-macos-x86_64 0.2.2 OK
r-oldrel-windows-ix86+x86_64 0.2.2 58.00 516.00 574.00 OK

Check Details

Version: 0.2.2
Check: Rd cross-references
Result: NOTE
    Undeclared packages ‘BinNonNor’, ‘PoisNor’, ‘PoisBinOrdNor’, ‘PoisBinOrdNonNor’ in Rd xrefs
Flavor: r-devel-linux-x86_64-fedora-clang