CRAN Package Check Results for Package SimDesign

Last updated on 2021-12-04 19:53:11 CET.

Flavor Version Tinstall Tcheck Ttotal Status Flags
r-devel-linux-x86_64-debian-clang 2.7.1 10.08 114.73 124.81 OK
r-devel-linux-x86_64-debian-gcc 2.7.1 8.45 86.36 94.81 OK
r-devel-linux-x86_64-fedora-clang 2.7.1 149.11 NOTE
r-devel-linux-x86_64-fedora-gcc 2.7.1 137.16 OK
r-devel-windows-x86_64-new-UL 2.7.1 29.00 185.00 214.00 NOTE
r-devel-windows-x86_64-new-TK 2.7.1 OK
r-devel-windows-x86_64-old 2.7.1 19.00 117.00 136.00 NOTE
r-patched-linux-x86_64 2.7.1 10.66 105.92 116.58 OK
r-release-linux-x86_64 2.7.1 9.89 106.44 116.33 OK
r-release-macos-arm64 2.7.1 NOTE
r-release-macos-x86_64 2.7.1 NOTE
r-release-windows-ix86+x86_64 2.7.1 22.00 149.00 171.00 NOTE
r-oldrel-macos-x86_64 2.7.1 NOTE
r-oldrel-windows-ix86+x86_64 2.7.1 21.00 156.00 177.00 NOTE

Check Details

Version: 2.7.1
Check: installed package size
Result: NOTE
     installed size is 5.8Mb
     sub-directories of 1Mb or more:
     doc 5.2Mb
Flavors: r-devel-linux-x86_64-fedora-clang, r-devel-windows-x86_64-new-UL, r-devel-windows-x86_64-old, r-release-macos-arm64, r-release-macos-x86_64, r-release-windows-ix86+x86_64, r-oldrel-macos-x86_64, r-oldrel-windows-ix86+x86_64

Version: 2.7.1
Check: package dependencies
Result: NOTE
    Package suggested but not available for checking: ‘doMPI’
Flavors: r-release-macos-arm64, r-release-macos-x86_64, r-oldrel-macos-x86_64