CRAN Package Check Results for Package SimDesign

Last updated on 2019-08-23 10:48:24 CEST.

Flavor Version Tinstall Tcheck Ttotal Status Flags
r-devel-linux-x86_64-debian-clang 1.14 6.61 80.95 87.56 OK
r-devel-linux-x86_64-debian-gcc 1.14 6.17 63.79 69.96 OK
r-devel-linux-x86_64-fedora-clang 1.14 105.54 OK
r-devel-linux-x86_64-fedora-gcc 1.14 102.68 OK
r-devel-windows-ix86+x86_64 1.14 11.00 102.00 113.00 OK
r-patched-linux-x86_64 1.14 7.83 80.53 88.36 OK
r-patched-solaris-x86 1.14 140.70 OK
r-release-linux-x86_64 1.14 7.30 79.38 86.68 OK
r-release-windows-ix86+x86_64 1.14 16.00 136.00 152.00 OK
r-release-osx-x86_64 1.14 NOTE
r-oldrel-windows-ix86+x86_64 1.14 12.00 128.00 140.00 OK
r-oldrel-osx-x86_64 1.14 NOTE

Check Details

Version: 1.14
Check: package dependencies
Result: NOTE
    Package suggested but not available for checking: ‘doMPI’
Flavors: r-release-osx-x86_64, r-oldrel-osx-x86_64